CRAN Package Check Results for Package fedmatch

Last updated on 2024-06-14 00:53:41 CEST.

Flavor Version Tinstall Tcheck Ttotal Status Flags
r-devel-linux-x86_64-debian-clang 2.0.6 27.86 70.83 98.69 OK
r-devel-linux-x86_64-debian-gcc 2.0.6 0.46 1.89 2.35 ERROR
r-devel-linux-x86_64-fedora-clang 2.0.6 144.22 OK
r-devel-linux-x86_64-fedora-gcc 2.0.6 144.57 OK
r-devel-windows-x86_64 2.0.6 24.00 100.00 124.00 OK
r-patched-linux-x86_64 2.0.6 23.95 71.55 95.50 OK
r-release-linux-x86_64 2.0.6 24.56 71.44 96.00 OK
r-release-macos-arm64 2.0.6 52.00 OK
r-release-macos-x86_64 2.0.6 87.00 OK
r-release-windows-x86_64 2.0.6 24.00 106.00 130.00 OK
r-oldrel-macos-arm64 2.0.6 54.00 OK
r-oldrel-macos-x86_64 2.0.6 98.00 OK
r-oldrel-windows-x86_64 2.0.6 31.00 113.00 144.00 OK

Check Details

Version: 2.0.6
Check: package dependencies
Result: ERROR Packages required but not available: 'stringr', 'purrr', 'forcats' Package suggested but not available for checking: ‘testthat’ See section ‘The DESCRIPTION file’ in the ‘Writing R Extensions’ manual. Flavor: r-devel-linux-x86_64-debian-gcc