Last updated on 2023-09-27 23:37:33 CEST.
Flavor | Version | Tinstall | Tcheck | Ttotal | Status | Flags |
---|---|---|---|---|---|---|
r-devel-linux-x86_64-debian-clang | 2.0.5 | 25.55 | 82.04 | 107.59 | NOTE | |
r-devel-linux-x86_64-debian-gcc | 2.0.5 | 17.04 | 52.54 | 69.58 | NOTE | |
r-devel-linux-x86_64-fedora-clang | 2.0.5 | 131.87 | NOTE | |||
r-devel-linux-x86_64-fedora-gcc | 2.0.5 | 131.77 | NOTE | |||
r-devel-windows-x86_64 | 2.0.5 | 23.00 | 99.00 | 122.00 | NOTE | |
r-patched-linux-x86_64 | 2.0.5 | 27.18 | 66.98 | 94.16 | NOTE | |
r-release-linux-x86_64 | 2.0.5 | 22.64 | 66.33 | 88.97 | NOTE | |
r-release-macos-arm64 | 2.0.5 | 51.00 | NOTE | |||
r-release-macos-x86_64 | 2.0.5 | 71.00 | NOTE | |||
r-release-windows-x86_64 | 2.0.5 | 28.00 | 113.00 | 141.00 | NOTE | |
r-oldrel-macos-arm64 | 2.0.5 | 38.00 | OK | |||
r-oldrel-macos-x86_64 | 2.0.5 | 51.00 | OK | |||
r-oldrel-windows-x86_64 | 2.0.5 | 28.00 | 111.00 | 139.00 | OK |
Version: 2.0.5
Check: C++ specification
Result: NOTE
Specified C++11: please drop specification unless essential
Flavors: r-devel-linux-x86_64-debian-clang, r-devel-linux-x86_64-debian-gcc, r-devel-linux-x86_64-fedora-clang, r-devel-linux-x86_64-fedora-gcc, r-devel-windows-x86_64, r-patched-linux-x86_64, r-release-linux-x86_64, r-release-macos-arm64, r-release-macos-x86_64, r-release-windows-x86_64