CRAN Package Check Results for Package ferrn

Last updated on 2024-06-14 00:53:41 CEST.

Flavor Version Tinstall Tcheck Ttotal Status Flags
r-devel-linux-x86_64-debian-clang 0.0.2 8.72 74.66 83.38 OK
r-devel-linux-x86_64-debian-gcc 0.0.2 0.51 1.72 2.23 ERROR
r-devel-linux-x86_64-fedora-clang 0.0.2 103.76 OK
r-devel-linux-x86_64-fedora-gcc 0.0.2 93.53 OK
r-devel-windows-x86_64 0.0.2 8.00 85.00 93.00 OK
r-patched-linux-x86_64 0.0.2 9.88 72.30 82.18 OK
r-release-linux-x86_64 0.0.2 5.87 70.81 76.68 OK
r-release-macos-arm64 0.0.2 31.00 OK
r-release-macos-x86_64 0.0.2 49.00 OK
r-release-windows-x86_64 0.0.2 8.00 82.00 90.00 OK
r-oldrel-macos-arm64 0.0.2 31.00 OK
r-oldrel-macos-x86_64 0.0.2 45.00 OK
r-oldrel-windows-x86_64 0.0.2 9.00 99.00 108.00 OK

Check Details

Version: 0.0.2
Check: package dependencies
Result: ERROR Packages required but not available: 'dplyr', 'gganimate', 'ggplot2', 'tibble', 'purrr', 'tourr', 'stringr', 'ggrepel', 'ggforce', 'tidyr' Packages suggested but not available for checking: 'roxygen2', 'pkgdown', 'testthat', 'forcats', 'patchwork' See section ‘The DESCRIPTION file’ in the ‘Writing R Extensions’ manual. Flavor: r-devel-linux-x86_64-debian-gcc