CRAN Package Check Results for Package ffscrapr

Last updated on 2021-10-23 00:48:53 CEST.

Flavor Version Tinstall Tcheck Ttotal Status Flags
r-devel-linux-x86_64-debian-clang 1.4.6 8.23 231.54 239.77 OK
r-devel-linux-x86_64-debian-gcc 1.4.6 7.02 174.76 181.78 OK
r-devel-linux-x86_64-fedora-clang 1.4.6 292.56 NOTE
r-devel-linux-x86_64-fedora-gcc 1.4.6 290.77 NOTE
r-devel-windows-x86_64 1.4.6 13.00 390.00 403.00 OK
r-devel-windows-x86_64-gcc10-UCRT 1.4.6 NOTE
r-patched-linux-x86_64 1.4.6 7.35 264.96 272.31 OK
r-patched-solaris-x86 1.4.6 299.50 NOTE
r-release-linux-x86_64 1.4.6 5.96 259.58 265.54 OK
r-release-macos-arm64 1.4.6 NOTE
r-release-macos-x86_64 1.4.6 NOTE
r-release-windows-ix86+x86_64 1.4.6 10.00 367.00 377.00 OK
r-oldrel-macos-x86_64 1.4.6 NOTE
r-oldrel-windows-ix86+x86_64 1.4.6 15.00 370.00 385.00 OK

Check Details

Version: 1.4.6
Check: dependencies in R code
Result: NOTE
    Namespace in Imports field not imported from: ‘nflreadr’
     All declared Imports should be used.
Flavors: r-devel-linux-x86_64-fedora-clang, r-devel-linux-x86_64-fedora-gcc, r-devel-windows-x86_64-gcc10-UCRT, r-patched-solaris-x86, r-release-macos-arm64, r-release-macos-x86_64, r-oldrel-macos-x86_64