CRAN Package Check Results for Package fieldRS

Last updated on 2021-10-22 00:50:25 CEST.

Flavor Version Tinstall Tcheck Ttotal Status Flags
r-devel-linux-x86_64-debian-clang 0.2.3 35.51 552.10 587.61 OK
r-devel-linux-x86_64-debian-gcc 0.2.3 28.15 424.98 453.13 OK
r-devel-linux-x86_64-fedora-clang 0.2.3 693.17 OK
r-devel-linux-x86_64-fedora-gcc 0.2.3 679.80 OK
r-devel-windows-x86_64 0.2.3 53.00 587.00 640.00 OK
r-devel-windows-x86_64-gcc10-UCRT 0.2.3 ERROR
r-patched-linux-x86_64 0.2.3 33.62 521.11 554.73 OK
r-patched-solaris-x86 0.2.3 569.60 OK
r-release-linux-x86_64 0.2.3 32.25 523.86 556.11 OK
r-release-macos-arm64 0.2.3 OK
r-release-macos-x86_64 0.2.3 OK
r-release-windows-ix86+x86_64 0.2.3 73.00 579.00 652.00 OK
r-oldrel-macos-x86_64 0.2.3 OK
r-oldrel-windows-ix86+x86_64 0.2.3 51.00 412.00 463.00 OK

Check Details

Version: 0.2.3
Check: package dependencies
Result: NOTE
    Package suggested but not available for checking: 'imager'
Flavor: r-devel-windows-x86_64-gcc10-UCRT

Version: 0.2.3
Check: examples
Result: ERROR
    Running examples in 'fieldRS-Ex.R' failed
    The error most likely occurred in:
    
    > ### Name: ccLabel
    > ### Title: ccLabel
    > ### Aliases: ccLabel
    >
    > ### ** Examples
    >
    > {
    +
    + require(raster)
    +
    + # read raster data
    + r <- brick(system.file("extdata", "ndvi.tif", package="fieldRS"))
    +
    + # spatial change labeling
    + or <- ccLabel(r[[1]], method="spatial", change.threshold=10)
    + plot(or$regions)
    +
    + # temporal change labeling
    + or <- ccLabel(r, method="temporal", change.threshold=80)
    + plot(or$regions)
    +
    + }
    Loading required package: raster
    Loading required package: sp
    Loading required namespace: igraph
    Failed with error: 'there is no package called 'igraph''
    Error in .local(x, ...) :
     you need to install the igraph package to be able to use this function
    Calls: ccLabel -> clump -> clump -> .local
    Execution halted
Flavor: r-devel-windows-x86_64-gcc10-UCRT

Version: 0.2.3
Check: re-building of vignette outputs
Result: WARN
    Error(s) in re-building vignettes:
    --- re-building 'fieldRS.Rmd' using rmarkdown
    Loading required package: sp
    Failed with error: 'there is no package called 'igraph''
    Quitting from lines 108-117 (fieldRS.Rmd)
    Error: processing vignette 'fieldRS.Rmd' failed with diagnostics:
    you need to install the igraph package to be able to use this function
    --- failed re-building 'fieldRS.Rmd'
    
    SUMMARY: processing the following file failed:
     'fieldRS.Rmd'
    
    Error: Vignette re-building failed.
    Execution halted
Flavor: r-devel-windows-x86_64-gcc10-UCRT