Last updated on 2023-12-02 00:51:56 CET.
Flavor | Version | Tinstall | Tcheck | Ttotal | Status | Flags |
---|---|---|---|---|---|---|
r-devel-linux-x86_64-debian-clang | 0.2.3 | 2.06 | 25.81 | 27.87 | NOTE | |
r-devel-linux-x86_64-debian-gcc | 0.2.3 | 1.89 | 20.60 | 22.49 | NOTE | |
r-devel-linux-x86_64-fedora-clang | 0.2.3 | 36.00 | NOTE | |||
r-devel-linux-x86_64-fedora-gcc | 0.2.3 | 34.71 | NOTE | |||
r-devel-windows-x86_64 | 0.2.3 | 3.00 | 43.00 | 46.00 | NOTE | |
r-patched-linux-x86_64 | 0.2.3 | 2.31 | 25.90 | 28.21 | OK | |
r-release-linux-x86_64 | 0.2.3 | 2.46 | 26.81 | 29.27 | OK | |
r-release-macos-arm64 | 0.2.3 | 16.00 | OK | |||
r-release-macos-x86_64 | 0.2.3 | 22.00 | OK | |||
r-release-windows-x86_64 | 0.2.3 | 3.00 | 43.00 | 46.00 | OK | |
r-oldrel-macos-arm64 | 0.2.3 | 18.00 | OK | |||
r-oldrel-macos-x86_64 | 0.2.3 | 22.00 | OK | |||
r-oldrel-windows-x86_64 | 0.2.3 | 4.00 | 47.00 | 51.00 | OK |
Version: 0.2.3
Check: Rd metadata
Result: NOTE
Invalid package aliases in Rd file 'filename.Rd':
‘filename-package’
Flavors: r-devel-linux-x86_64-debian-clang, r-devel-linux-x86_64-debian-gcc, r-devel-linux-x86_64-fedora-clang, r-devel-linux-x86_64-fedora-gcc, r-devel-windows-x86_64