CRAN Package Check Results for Package filling

Last updated on 2023-10-04 00:58:22 CEST.

Flavor Version Tinstall Tcheck Ttotal Status Flags
r-devel-linux-x86_64-debian-clang 0.2.3 73.13 151.17 224.30 NOTE
r-devel-linux-x86_64-debian-gcc 0.2.3 56.95 114.17 171.12 NOTE
r-devel-linux-x86_64-fedora-clang 0.2.3 315.10 NOTE
r-devel-linux-x86_64-fedora-gcc 0.2.3 305.59 NOTE
r-devel-windows-x86_64 0.2.3 61.00 141.00 202.00 NOTE
r-patched-linux-x86_64 0.2.3 66.51 146.24 212.75 NOTE
r-release-linux-x86_64 0.2.3 64.31 146.52 210.83 NOTE
r-release-macos-arm64 0.2.3 76.00 NOTE
r-release-macos-x86_64 0.2.3 138.00 NOTE
r-release-windows-x86_64 0.2.3 76.00 171.00 247.00 NOTE
r-oldrel-macos-arm64 0.2.3 73.00 OK
r-oldrel-macos-x86_64 0.2.3 98.00 OK
r-oldrel-windows-x86_64 0.2.3 74.00 164.00 238.00 OK

Check Details

Version: 0.2.3
Check: C++ specification
Result: NOTE
     Specified C++11: please drop specification unless essential
Flavors: r-devel-linux-x86_64-debian-clang, r-devel-linux-x86_64-debian-gcc, r-devel-linux-x86_64-fedora-clang, r-devel-linux-x86_64-fedora-gcc, r-devel-windows-x86_64, r-patched-linux-x86_64, r-release-linux-x86_64, r-release-macos-arm64, r-release-macos-x86_64, r-release-windows-x86_64