Last updated on 2023-10-04 00:58:22 CEST.
Flavor | Version | Tinstall | Tcheck | Ttotal | Status | Flags |
---|---|---|---|---|---|---|
r-devel-linux-x86_64-debian-clang | 0.1.0 | 6.93 | 67.42 | 74.35 | OK | |
r-devel-linux-x86_64-debian-gcc | 0.1.0 | 5.96 | 50.42 | 56.38 | OK | |
r-devel-linux-x86_64-fedora-clang | 0.1.0 | 95.34 | NOTE | |||
r-devel-linux-x86_64-fedora-gcc | 0.1.0 | 95.79 | NOTE | |||
r-devel-windows-x86_64 | 0.1.0 | 8.00 | 68.00 | 76.00 | OK | |
r-patched-linux-x86_64 | 0.1.0 | 6.57 | 65.16 | 71.73 | OK | |
r-release-linux-x86_64 | 0.1.0 | 7.84 | 66.88 | 74.72 | OK | |
r-release-macos-arm64 | 0.1.0 | 34.00 | OK | |||
r-release-macos-x86_64 | 0.1.0 | 47.00 | OK | |||
r-release-windows-x86_64 | 0.1.0 | 12.00 | 78.00 | 90.00 | OK | |
r-oldrel-macos-arm64 | 0.1.0 | 28.00 | OK | |||
r-oldrel-macos-x86_64 | 0.1.0 | 40.00 | OK | |||
r-oldrel-windows-x86_64 | 0.1.0 | 10.00 | 84.00 | 94.00 | OK |
Version: 0.1.0
Check: dependencies in R code
Result: NOTE
Namespace in Imports field not imported from: ‘mvtnorm’
All declared Imports should be used.
Flavors: r-devel-linux-x86_64-fedora-clang, r-devel-linux-x86_64-fedora-gcc