CRAN Package Check Results for Package findSVI

Last updated on 2024-04-18 01:02:52 CEST.

Flavor Version Tinstall Tcheck Ttotal Status Flags
r-devel-linux-x86_64-debian-clang 0.1.2 15.31 59.78 75.09 OK
r-devel-linux-x86_64-debian-gcc 0.1.2 13.02 46.96 59.98 OK
r-devel-linux-x86_64-fedora-clang 0.1.2 96.08 NOTE
r-devel-linux-x86_64-fedora-gcc 0.1.2 105.62 NOTE
r-prerel-macos-arm64 0.1.2 39.00 NOTE
r-prerel-windows-x86_64 0.1.2 31.00 81.00 112.00 OK
r-patched-linux-x86_64 0.1.2 12.61 57.41 70.02 OK
r-release-linux-x86_64 0.1.2 10.96 57.19 68.15 OK
r-release-macos-arm64 0.1.2 52.00 NOTE
r-release-macos-x86_64 0.1.2 90.00 NOTE
r-release-windows-x86_64 0.1.2 40.00 93.00 133.00 OK
r-oldrel-macos-arm64 0.1.2 53.00 NOTE
r-oldrel-windows-x86_64 0.1.2 41.00 100.00 141.00 OK

Check Details

Version: 0.1.2
Check: data for non-ASCII characters
Result: NOTE Note: found 222 marked UTF-8 strings Flavors: r-devel-linux-x86_64-fedora-clang, r-devel-linux-x86_64-fedora-gcc

Version: 0.1.2
Check: installed package size
Result: NOTE installed size is 5.5Mb sub-directories of 1Mb or more: data 2.4Mb extdata 2.8Mb Flavors: r-prerel-macos-arm64, r-release-macos-arm64, r-release-macos-x86_64, r-oldrel-macos-arm64