Last updated on 2023-03-20 00:54:05 CET.
Flavor | Version | Tinstall | Tcheck | Ttotal | Status | Flags |
---|---|---|---|---|---|---|
r-devel-linux-x86_64-debian-clang | 1.1 | OK | ||||
r-devel-linux-x86_64-debian-gcc | 1.1 | 33.62 | 122.75 | 156.37 | OK | |
r-devel-linux-x86_64-fedora-clang | 1.1 | 279.35 | NOTE | |||
r-devel-linux-x86_64-fedora-gcc | 1.1 | 258.31 | NOTE | |||
r-devel-windows-x86_64 | 1.1 | 46.00 | 188.00 | 234.00 | OK | |
r-patched-linux-x86_64 | 1.1 | 40.91 | 176.11 | 217.02 | OK | |
r-release-linux-x86_64 | 1.1 | 38.59 | 176.03 | 214.62 | OK | |
r-release-macos-arm64 | 1.1 | 110.00 | NOTE | |||
r-release-macos-x86_64 | 1.1 | 193.00 | NOTE | |||
r-release-windows-x86_64 | 1.1 | 73.00 | 191.00 | 264.00 | OK | |
r-oldrel-macos-arm64 | 1.1 | 192.00 | NOTE | |||
r-oldrel-macos-x86_64 | 1.1 | 128.00 | NOTE | |||
r-oldrel-windows-ix86+x86_64 | 1.1 | 99.00 | 235.00 | 334.00 | OK |
Version: 1.1
Check: dependencies in R code
Result: NOTE
Namespace in Imports field not imported from: ‘RcppProgress’
All declared Imports should be used.
Flavors: r-devel-linux-x86_64-fedora-clang, r-devel-linux-x86_64-fedora-gcc, r-release-macos-arm64, r-release-macos-x86_64, r-oldrel-macos-arm64, r-oldrel-macos-x86_64