CRAN Package Check Results for Package fipe

Last updated on 2021-10-23 00:48:53 CEST.

Flavor Version Tinstall Tcheck Ttotal Status Flags
r-devel-linux-x86_64-debian-clang 0.0.1 1.97 20.41 22.38 NOTE
r-devel-linux-x86_64-debian-gcc 0.0.1 1.80 16.49 18.29 NOTE
r-devel-linux-x86_64-fedora-clang 0.0.1 38.05 NOTE
r-devel-linux-x86_64-fedora-gcc 0.0.1 27.53 NOTE
r-devel-windows-x86_64 0.0.1 4.00 38.00 42.00 NOTE
r-devel-windows-x86_64-gcc10-UCRT 0.0.1 NOTE
r-patched-linux-x86_64 0.0.1 2.24 19.93 22.17 NOTE
r-patched-solaris-x86 0.0.1 46.40 NOTE
r-release-linux-x86_64 0.0.1 1.75 19.92 21.67 NOTE
r-release-macos-arm64 0.0.1 NOTE
r-release-macos-x86_64 0.0.1 NOTE
r-release-windows-ix86+x86_64 0.0.1 5.00 38.00 43.00 NOTE
r-oldrel-macos-x86_64 0.0.1 OK
r-oldrel-windows-ix86+x86_64 0.0.1 5.00 37.00 42.00 OK

Additional issues

donttest

Check Details

Version: 0.0.1
Check: LazyData
Result: NOTE
     'LazyData' is specified without a 'data' directory
Flavors: r-devel-linux-x86_64-debian-clang, r-devel-linux-x86_64-debian-gcc, r-devel-linux-x86_64-fedora-clang, r-devel-linux-x86_64-fedora-gcc, r-devel-windows-x86_64, r-devel-windows-x86_64-gcc10-UCRT, r-patched-linux-x86_64, r-patched-solaris-x86, r-release-linux-x86_64, r-release-macos-arm64, r-release-macos-x86_64, r-release-windows-ix86+x86_64