CRAN Package Check Results for Package fipp

Last updated on 2024-06-22 00:57:58 CEST.

Flavor Version Tinstall Tcheck Ttotal Status Flags
r-devel-linux-x86_64-debian-clang 1.0.0 30.80 78.66 109.46 NOTE
r-devel-linux-x86_64-debian-gcc 1.0.0 18.01 55.18 73.19 NOTE
r-devel-linux-x86_64-fedora-clang 1.0.0 148.23 NOTE
r-devel-linux-x86_64-fedora-gcc 1.0.0 153.69 NOTE
r-devel-windows-x86_64 1.0.0 26.00 90.00 116.00 NOTE
r-patched-linux-x86_64 1.0.0 25.06 74.66 99.72 NOTE
r-release-linux-x86_64 1.0.0 23.77 75.65 99.42 NOTE
r-release-macos-arm64 1.0.0 41.00 NOTE
r-release-macos-x86_64 1.0.0 65.00 NOTE
r-release-windows-x86_64 1.0.0 27.00 96.00 123.00 NOTE
r-oldrel-macos-arm64 1.0.0 41.00 NOTE
r-oldrel-macos-x86_64 1.0.0 70.00 NOTE
r-oldrel-windows-x86_64 1.0.0 31.00 105.00 136.00 NOTE

Check Details

Version: 1.0.0
Check: C++ specification
Result: NOTE Specified C++11: please drop specification unless essential Flavors: r-devel-linux-x86_64-debian-clang, r-devel-linux-x86_64-debian-gcc, r-devel-linux-x86_64-fedora-clang, r-devel-linux-x86_64-fedora-gcc, r-devel-windows-x86_64, r-patched-linux-x86_64, r-release-linux-x86_64, r-release-macos-arm64, r-release-macos-x86_64, r-release-windows-x86_64, r-oldrel-macos-arm64, r-oldrel-macos-x86_64, r-oldrel-windows-x86_64

Version: 1.0.0
Check: LazyData
Result: NOTE 'LazyData' is specified without a 'data' directory Flavors: r-devel-linux-x86_64-debian-clang, r-devel-linux-x86_64-debian-gcc, r-devel-linux-x86_64-fedora-clang, r-devel-linux-x86_64-fedora-gcc, r-devel-windows-x86_64, r-patched-linux-x86_64, r-release-linux-x86_64, r-release-macos-arm64, r-release-macos-x86_64, r-release-windows-x86_64, r-oldrel-macos-arm64, r-oldrel-macos-x86_64, r-oldrel-windows-x86_64