CRAN Package Check Results for Package firebase

Last updated on 2022-10-01 00:49:25 CEST.

Flavor Version Tinstall Tcheck Ttotal Status Flags
r-devel-linux-x86_64-debian-clang 1.0.1 14.24 47.22 61.46 NOTE
r-devel-linux-x86_64-debian-gcc 1.0.1 9.55 36.60 46.15 NOTE
r-devel-linux-x86_64-fedora-clang 1.0.1 89.67 NOTE
r-devel-linux-x86_64-fedora-gcc 1.0.1 92.35 NOTE
r-devel-windows-x86_64 1.0.1 30.00 83.00 113.00 NOTE
r-patched-linux-x86_64 1.0.1 12.71 43.27 55.98 OK
r-release-linux-x86_64 1.0.1 12.02 43.81 55.83 OK
r-release-macos-arm64 1.0.1 24.00 NOTE
r-release-macos-x86_64 1.0.1 42.00 NOTE
r-release-windows-x86_64 1.0.1 30.00 73.00 103.00 OK
r-oldrel-macos-arm64 1.0.1 19.00 NOTE
r-oldrel-macos-x86_64 1.0.1 32.00 NOTE
r-oldrel-windows-ix86+x86_64 1.0.1 25.00 69.00 94.00 OK

Check Details

Version: 1.0.1
Check: HTML version of manual
Result: NOTE
    Found the following HTML validation problems:
    Analytics.html:70:6: Warning: missing </span> before <p>
    Analytics.html:70:95: Warning: inserting implicit <span>
    Analytics.html:73:6: Warning: missing </span> before <p>
    Analytics.html:73:90: Warning: inserting implicit <span>
    FirebaseAuth.html:115:6: Warning: missing </span> before <p>
    FirebaseAuth.html:115:95: Warning: inserting implicit <span>
    FirebaseEmailLink.html:79:6: Warning: missing </span> before <p>
    FirebaseEmailLink.html:79:95: Warning: inserting implicit <span>
    FirebaseEmailLink.html:82:6: Warning: missing </span> before <p>
    FirebaseEmailLink.html:82:94: Warning: inserting implicit <span>
    FirebaseEmailLink.html:85:6: Warning: missing </span> before <p>
    FirebaseEmailLink.html:85:100: Warning: inserting implicit <span>
    FirebaseEmailLink.html:88:6: Warning: missing </span> before <p>
    FirebaseEmailLink.html:88:100: Warning: inserting implicit <span>
    FirebaseEmailLink.html:91:6: Warning: missing </span> before <p>
    FirebaseEmailLink.html:91:105: Warning: inserting implicit <span>
    FirebaseEmailLink.html:94:6: Warning: missing </span> before <p>
    FirebaseEmailLink.html:94:104: Warning: inserting implicit <span>
    FirebaseEmailLink.html:97:6: Warning: missing </span> before <p>
    FirebaseEmailLink.html:97:101: Warning: inserting implicit <span>
    FirebaseEmailLink.html:100:6: Warning: missing </span> before <p>
    FirebaseEmailLink.html:100:101: Warning: inserting implicit <span>
    FirebaseEmailLink.html:103:6: Warning: missing </span> before <p>
    FirebaseEmailLink.html:103:102: Warning: inserting implicit <span>
    FirebaseEmailLink.html:106:6: Warning: missing </span> before <p>
    FirebaseEmailLink.html:106:102: Warning: inserting implicit <span>
    FirebaseEmailLink.html:109:6: Warning: missing </span> before <p>
    FirebaseEmailLink.html:109:101: Warning: inserting implicit <span>
    FirebaseEmailLink.html:112:6: Warning: missing </span> before <p>
    FirebaseEmailLink.html:112:94: Warning: inserting implicit <span>
    FirebaseEmailLink.html:115:6: Warning: missing </span> before <p>
    FirebaseEmailLink.html:115:100: Warning: inserting implicit <span>
    FirebaseEmailLink.html:118:6: Warning: missing </span> before <p>
    FirebaseEmailLink.html:118:101: Warning: inserting implicit <span>
    FirebaseEmailLink.html:121:6: Warning: missing </span> before <p>
    FirebaseEmailLink.html:121:105: Warning: inserting implicit <span>
    FirebaseEmailLink.html:124:6: Warning: missing </span> before <p>
    FirebaseEmailLink.html:124:106: Warning: inserting implicit <span>
    FirebaseEmailLink.html:127:6: Warning: missing </span> before <p>
    FirebaseEmailLink.html:127:97: Warning: inserting implicit <span>
    FirebaseEmailPassword.html:98:6: Warning: missing </span> before <p>
    FirebaseEmailPassword.html:98:95: Warning: inserting implicit <span>
    FirebaseEmailPassword.html:101:6: Warning: missing </span> before <p>
    FirebaseEmailPassword.html:101:94: Warning: inserting implicit <span>
    FirebaseEmailPassword.html:104:6: Warning: missing </span> before <p>
    FirebaseEmailPassword.html:104:100: Warning: inserting implicit <span>
    FirebaseEmailPassword.html:107:6: Warning: missing </span> before <p>
    FirebaseEmailPassword.html:107:100: Warning: inserting implicit <span>
    FirebaseEmailPassword.html:110:6: Warning: missing </span> before <p>
    FirebaseEmailPassword.html:110:105: Warning: inserting implicit <span>
    FirebaseEmailPassword.html:113:6: Warning: missing </span> before <p>
    FirebaseEmailPassword.html:113:104: Warning: inserting implicit <span>
    FirebaseEmailPassword.html:116:6: Warning: missing </span> before <p>
    FirebaseEmailPassword.html:116:101: Warning: inserting implicit <span>
    FirebaseEmailPassword.html:119:6: Warning: missing </span> before <p>
    FirebaseEmailPassword.html:119:101: Warning: inserting implicit <span>
    FirebaseEmailPassword.html:122:6: Warning: missing </span> before <p>
    FirebaseEmailPassword.html:122:102: Warning: inserting implicit <span>
    FirebaseEmailPassword.html:125:6: Warning: missing </span> before <p>
    FirebaseEmailPassword.html:125:102: Warning: inserting implicit <span>
    FirebaseEmailPassword.html:128:6: Warning: missing </span> before <p>
    FirebaseEmailPassword.html:128:101: Warning: inserting implicit <span>
    FirebaseEmailPassword.html:131:6: Warning: missing </span> before <p>
    FirebaseEmailPassword.html:131:94: Warning: inserting implicit <span>
    FirebaseEmailPassword.html:134:6: Warning: missing </span> before <p>
    FirebaseEmailPassword.html:134:100: Warning: inserting implicit <span>
    FirebaseEmailPassword.html:137:6: Warning: missing </span> before <p>
    FirebaseEmailPassword.html:137:101: Warning: inserting implicit <span>
    FirebaseEmailPassword.html:140:6: Warning: missing </span> before <p>
    FirebaseEmailPassword.html:140:105: Warning: inserting implicit <span>
    FirebaseEmailPassword.html:143:6: Warning: missing </span> before <p>
    FirebaseEmailPassword.html:143:106: Warning: inserting implicit <span>
    FirebaseEmailPassword.html:146:6: Warning: missing </span> before <p>
    FirebaseEmailPassword.html:146:97: Warning: inserting implicit <span>
    FirebaseOauthProviders.html:59:6: Warning: missing </span> before <p>
    FirebaseOauthProviders.html:59:95: Warning: inserting implicit <span>
    FirebaseOauthProviders.html:62:6: Warning: missing </span> before <p>
    FirebaseOauthProviders.html:62:94: Warning: inserting implicit <span>
    FirebaseOauthProviders.html:65:6: Warning: missing </span> before <p>
    FirebaseOauthProviders.html:65:100: Warning: inserting implicit <span>
    FirebaseOauthProviders.html:68:6: Warning: missing </span> before <p>
    FirebaseOauthProviders.html:68:100: Warning: inserting implicit <span>
    FirebaseOauthProviders.html:71:6: Warning: missing </span> before <p>
    FirebaseOauthProviders.html:71:105: Warning: inserting implicit <span>
    FirebaseOauthProviders.html:74:6: Warning: missing </span> before <p>
    FirebaseOauthProviders.html:74:104: Warning: inserting implicit <span>
    FirebaseOauthProviders.html:77:6: Warning: missing </span> before <p>
    FirebaseOauthProviders.html:77:101: Warning: inserting implicit <span>
    FirebaseOauthProviders.html:80:6: Warning: missing </span> before <p>
    FirebaseOauthProviders.html:80:101: Warning: inserting implicit <span>
    FirebaseOauthProviders.html:83:6: Warning: missing </span> before <p>
    FirebaseOauthProviders.html:83:102: Warning: inserting implicit <span>
    FirebaseOauthProviders.html:86:6: Warning: missing </span> before <p>
    FirebaseOauthProviders.html:86:102: Warning: inserting implicit <span>
    FirebaseOauthProviders.html:89:6: Warning: missing </span> before <p>
    FirebaseOauthProviders.html:89:101: Warning: inserting implicit <span>
    FirebaseOauthProviders.html:92:6: Warning: missing </span> before <p>
    FirebaseOauthProviders.html:92:94: Warning: inserting implicit <span>
    FirebaseOauthProviders.html:95:6: Warning: missing </span> before <p>
    FirebaseOauthProviders.html:95:100: Warning: inserting implicit <span>
    FirebaseOauthProviders.html:98:6: Warning: missing </span> before <p>
    FirebaseOauthProviders.html:98:101: Warning: inserting implicit <span>
    FirebaseOauthProviders.html:101:6: Warning: missing </span> before <p>
    FirebaseOauthProviders.html:101:105: Warning: inserting implicit <span>
    FirebaseOauthProviders.html:104:6: Warning: missing </span> before <p>
    FirebaseOauthProviders.html:104:106: Warning: inserting implicit <span>
    FirebaseOauthProviders.html:107:6: Warning: missing </span> before <p>
    FirebaseOauthProviders.html:107:97: Warning: inserting implicit <span>
    FirebasePhone.html:68:6: Warning: missing </span> before <p>
    FirebasePhone.html:68:95: Warning: inserting implicit <span>
    FirebasePhone.html:71:6: Warning: missing </span> before <p>
    FirebasePhone.html:71:94: Warning: inserting implicit <span>
    FirebasePhone.html:74:6: Warning: missing </span> before <p>
    FirebasePhone.html:74:100: Warning: inserting implicit <span>
    FirebasePhone.html:77:6: Warning: missing </span> before <p>
    FirebasePhone.html:77:100: Warning: inserting implicit <span>
    FirebasePhone.html:80:6: Warning: missing </span> before <p>
    FirebasePhone.html:80:105: Warning: inserting implicit <span>
    FirebasePhone.html:83:6: Warning: missing </span> before <p>
    FirebasePhone.html:83:104: Warning: inserting implicit <span>
    FirebasePhone.html:86:6: Warning: missing </span> before <p>
    FirebasePhone.html:86:101: Warning: inserting implicit <span>
    FirebasePhone.html:89:6: Warning: missing </span> before <p>
    FirebasePhone.html:89:101: Warning: inserting implicit <span>
    FirebasePhone.html:92:6: Warning: missing </span> before <p>
    FirebasePhone.html:92:102: Warning: inserting implicit <span>
    FirebasePhone.html:95:6: Warning: missing </span> before <p>
    FirebasePhone.html:95:102: Warning: inserting implicit <span>
    FirebasePhone.html:98:6: Warning: missing </span> before <p>
    FirebasePhone.html:98:101: Warning: inserting implicit <span>
    FirebasePhone.html:101:6: Warning: missing </span> before <p>
    FirebasePhone.html:101:94: Warning: inserting implicit <span>
    FirebasePhone.html:104:6: Warning: missing </span> before <p>
    FirebasePhone.html:104:100: Warning: inserting implicit <span>
    FirebasePhone.html:107:6: Warning: missing </span> before <p>
    FirebasePhone.html:107:101: Warning: inserting implicit <span>
    FirebasePhone.html:110:6: Warning: missing </span> before <p>
    FirebasePhone.html:110:105: Warning: inserting implicit <span>
    FirebasePhone.html:113:6: Warning: missing </span> before <p>
    FirebasePhone.html:113:106: Warning: inserting implicit <span>
    FirebasePhone.html:116:6: Warning: missing </span> before <p>
    FirebasePhone.html:116:97: Warning: inserting implicit <span>
    FirebaseSocial.html:68:6: Warning: missing </span> before <p>
    FirebaseSocial.html:68:95: Warning: inserting implicit <span>
    FirebaseSocial.html:71:6: Warning: missing </span> before <p>
    FirebaseSocial.html:71:94: Warning: inserting implicit <span>
    FirebaseSocial.html:74:6: Warning: missing </span> before <p>
    FirebaseSocial.html:74:100: Warning: inserting implicit <span>
    FirebaseSocial.html:77:6: Warning: missing </span> before <p>
    FirebaseSocial.html:77:100: Warning: inserting implicit <span>
    FirebaseSocial.html:80:6: Warning: missing </span> before <p>
    FirebaseSocial.html:80:105: Warning: inserting implicit <span>
    FirebaseSocial.html:83:6: Warning: missing </span> before <p>
    FirebaseSocial.html:83:104: Warning: inserting implicit <span>
    FirebaseSocial.html:86:6: Warning: missing </span> before <p>
    FirebaseSocial.html:86:101: Warning: inserting implicit <span>
    FirebaseSocial.html:89:6: Warning: missing </span> before <p>
    FirebaseSocial.html:89:101: Warning: inserting implicit <span>
    FirebaseSocial.html:92:6: Warning: missing </span> before <p>
    FirebaseSocial.html:92:102: Warning: inserting implicit <span>
    FirebaseSocial.html:95:6: Warning: missing </span> before <p>
    FirebaseSocial.html:95:102: Warning: inserting implicit <span>
    FirebaseSocial.html:98:6: Warning: missing </span> before <p>
    FirebaseSocial.html:98:101: Warning: inserting implicit <span>
    FirebaseSocial.html:101:6: Warning: missing </span> before <p>
    FirebaseSocial.html:101:94: Warning: inserting implicit <span>
    FirebaseSocial.html:104:6: Warning: missing </span> before <p>
    FirebaseSocial.html:104:100: Warning: inserting implicit <span>
    FirebaseSocial.html:107:6: Warning: missing </span> before <p>
    FirebaseSocial.html:107:101: Warning: inserting implicit <span>
    FirebaseSocial.html:110:6: Warning: missing </span> before <p>
    FirebaseSocial.html:110:105: Warning: inserting implicit <span>
    FirebaseSocial.html:113:6: Warning: missing </span> before <p>
    FirebaseSocial.html:113:106: Warning: inserting implicit <span>
    FirebaseSocial.html:116:6: Warning: missing </span> before <p>
    FirebaseSocial.html:116:97: Warning: inserting implicit <span>
    FirebaseUI.html:103:6: Warning: missing </span> before <p>
    FirebaseUI.html:103:95: Warning: inserting implicit <span>
    FirebaseUI.html:106:6: Warning: missing </span> before <p>
    FirebaseUI.html:106:94: Warning: inserting implicit <span>
    FirebaseUI.html:109:6: Warning: missing </span> before <p>
    FirebaseUI.html:109:100: Warning: inserting implicit <span>
    FirebaseUI.html:112:6: Warning: missing </span> before <p>
    FirebaseUI.html:112:100: Warning: inserting implicit <span>
    FirebaseUI.html:115:6: Warning: missing </span> before <p>
    FirebaseUI.html:115:105: Warning: inserting implicit <span>
    FirebaseUI.html:118:6: Warning: missing </span> before <p>
    FirebaseUI.html:118:104: Warning: inserting implicit <span>
    FirebaseUI.html:121:6: Warning: missing </span> before <p>
    FirebaseUI.html:121:101: Warning: inserting implicit <span>
    FirebaseUI.html:124:6: Warning: missing </span> before <p>
    FirebaseUI.html:124:101: Warning: inserting implicit <span>
    FirebaseUI.html:127:6: Warning: missing </span> before <p>
    FirebaseUI.html:127:102: Warning: inserting implicit <span>
    FirebaseUI.html:130:6: Warning: missing </span> before <p>
    FirebaseUI.html:130:102: Warning: inserting implicit <span>
    FirebaseUI.html:133:6: Warning: missing </span> before <p>
    FirebaseUI.html:133:101: Warning: inserting implicit <span>
    FirebaseUI.html:136:6: Warning: missing </span> before <p>
    FirebaseUI.html:136:94: Warning: inserting implicit <span>
    FirebaseUI.html:139:6: Warning: missing </span> before <p>
    FirebaseUI.html:139:100: Warning: inserting implicit <span>
    FirebaseUI.html:142:6: Warning: missing </span> before <p>
    FirebaseUI.html:142:101: Warning: inserting implicit <span>
    FirebaseUI.html:145:6: Warning: missing </span> before <p>
    FirebaseUI.html:145:105: Warning: inserting implicit <span>
    FirebaseUI.html:148:6: Warning: missing </span> before <p>
    FirebaseUI.html:148:106: Warning: inserting implicit <span>
    FirebaseUI.html:151:6: Warning: missing </span> before <p>
    FirebaseUI.html:151:97: Warning: inserting implicit <span>
    RealtimeDatabase.html:68:6: Warning: missing </span> before <p>
    RealtimeDatabase.html:68:95: Warning: inserting implicit <span>
    RealtimeDatabase.html:71:6: Warning: missing </span> before <p>
    RealtimeDatabase.html:71:90: Warning: inserting implicit <span>
    Storage.html:76:6: Warning: missing </span> before <p>
    Storage.html:76:95: Warning: inserting implicit <span>
    Storage.html:79:6: Warning: missing </span> before <p>
    Storage.html:79:90: Warning: inserting implicit <span>
Flavors: r-devel-linux-x86_64-debian-clang, r-devel-linux-x86_64-debian-gcc, r-devel-linux-x86_64-fedora-clang, r-devel-linux-x86_64-fedora-gcc, r-devel-windows-x86_64

Version: 1.0.1
Check: dependencies in R code
Result: NOTE
    Namespace in Imports field not imported from: ‘R6’
     All declared Imports should be used.
Flavors: r-devel-linux-x86_64-fedora-clang, r-devel-linux-x86_64-fedora-gcc, r-release-macos-arm64, r-release-macos-x86_64, r-oldrel-macos-arm64, r-oldrel-macos-x86_64