CRAN Package Check Results for Package firebase

Last updated on 2021-10-25 00:49:11 CEST.

Flavor Version Tinstall Tcheck Ttotal Status Flags
r-devel-linux-x86_64-debian-clang 0.2.0 7.78 33.67 41.45 OK
r-devel-linux-x86_64-debian-gcc 0.2.0 7.22 26.86 34.08 OK
r-devel-linux-x86_64-fedora-clang 0.2.1 64.92 NOTE
r-devel-linux-x86_64-fedora-gcc 0.2.0 51.36 NOTE
r-devel-windows-x86_64 0.2.0 13.00 55.00 68.00 OK
r-devel-windows-x86_64-gcc10-UCRT 0.2.0 NOTE
r-patched-linux-x86_64 0.2.0 8.70 32.98 41.68 OK
r-patched-solaris-x86 0.2.1 76.50 NOTE
r-release-linux-x86_64 0.2.0 7.10 33.41 40.51 OK
r-release-macos-arm64 0.2.0 NOTE
r-release-macos-x86_64 0.2.0 NOTE
r-release-windows-ix86+x86_64 0.2.0 12.00 56.00 68.00 OK
r-oldrel-macos-x86_64 0.2.0 NOTE
r-oldrel-windows-ix86+x86_64 0.2.0 16.00 55.00 71.00 OK

Check Details

Version: 0.2.1
Check: dependencies in R code
Result: NOTE
    Namespaces in Imports field not imported from:
     ‘R6’ ‘jose’ ‘openssl’
     All declared Imports should be used.
Flavors: r-devel-linux-x86_64-fedora-clang, r-patched-solaris-x86

Version: 0.2.0
Check: dependencies in R code
Result: NOTE
    Namespaces in Imports field not imported from:
     ‘R6’ ‘jose’ ‘openssl’
     All declared Imports should be used.
Flavors: r-devel-linux-x86_64-fedora-gcc, r-devel-windows-x86_64-gcc10-UCRT, r-release-macos-arm64, r-release-macos-x86_64, r-oldrel-macos-x86_64