CRAN Package Check Results for Package fishRman

Last updated on 2024-07-23 00:54:27 CEST.

Flavor Version Tinstall Tcheck Ttotal Status Flags
r-devel-linux-x86_64-debian-clang 1.2.3 11.31 80.51 91.82 OK
r-devel-linux-x86_64-debian-gcc 1.2.3 6.63 60.65 67.28 OK
r-devel-linux-x86_64-fedora-clang 1.2.3 120.35 NOTE
r-devel-linux-x86_64-fedora-gcc 1.2.3 107.64 NOTE
r-devel-windows-x86_64 1.2.3 10.00 74.00 84.00 OK
r-patched-linux-x86_64 1.2.3 8.07 76.09 84.16 OK
r-release-linux-x86_64 1.2.3 6.53 77.94 84.47 OK
r-release-macos-arm64 1.2.3 31.00 OK
r-release-macos-x86_64 1.2.3 51.00 OK
r-release-windows-x86_64 1.2.3 11.00 75.00 86.00 OK
r-oldrel-macos-arm64 1.2.3 39.00 OK
r-oldrel-macos-x86_64 1.2.3 81.00 OK
r-oldrel-windows-x86_64 1.2.3 12.00 89.00 101.00 OK

Check Details

Version: 1.2.3
Check: dependencies in R code
Result: NOTE Namespaces in Imports field not imported from: ‘httr’ ‘jsonlite’ All declared Imports should be used. Flavors: r-devel-linux-x86_64-fedora-clang, r-devel-linux-x86_64-fedora-gcc