CRAN Package Check Results for Package fitConic

Last updated on 2021-10-17 00:48:36 CEST.

Flavor Version Tinstall Tcheck Ttotal Status Flags
r-devel-linux-x86_64-debian-clang 1.1 2.88 27.99 30.87 OK
r-devel-linux-x86_64-debian-gcc 1.1 2.57 21.52 24.09 OK
r-devel-linux-x86_64-fedora-clang 1.1 47.00 NOTE
r-devel-linux-x86_64-fedora-gcc 1.1 36.52 OK
r-devel-windows-x86_64 1.1 4.00 34.00 38.00 OK
r-devel-windows-x86_64-gcc10-UCRT 1.1 OK
r-patched-linux-x86_64 1.1 2.74 26.93 29.67 OK
r-patched-solaris-x86 1.1 52.80 OK
r-release-linux-x86_64 1.1 2.98 26.81 29.79 OK
r-release-macos-arm64 1.1 OK
r-release-macos-x86_64 1.1 OK
r-release-windows-ix86+x86_64 1.1 6.00 42.00 48.00 OK
r-oldrel-macos-x86_64 1.1 OK
r-oldrel-windows-ix86+x86_64 1.1 7.00 42.00 49.00 OK

Check Details

Version: 1.1
Check: Rd cross-references
Result: NOTE
    Undeclared package ‘conicfit’ in Rd xrefs
Flavor: r-devel-linux-x86_64-fedora-clang