Last updated on 2023-03-30 00:51:53 CEST.
Flavor | Version | Tinstall | Tcheck | Ttotal | Status | Flags |
---|---|---|---|---|---|---|
r-devel-linux-x86_64-debian-clang | 1.0.5 | 45.34 | 412.85 | 458.19 | OK | |
r-devel-linux-x86_64-debian-gcc | 1.0.5 | 33.56 | 307.98 | 341.54 | OK | |
r-devel-linux-x86_64-fedora-clang | 1.0.5 | 549.16 | NOTE | |||
r-devel-linux-x86_64-fedora-gcc | 1.0.5 | 567.71 | OK | |||
r-devel-windows-x86_64 | 1.0.5 | 76.00 | 389.00 | 465.00 | NOTE | |
r-patched-linux-x86_64 | 1.0.5 | 38.22 | 383.75 | 421.97 | OK | |
r-release-linux-x86_64 | 1.0.5 | 29.06 | 391.29 | 420.35 | OK | |
r-release-macos-arm64 | 1.0.5 | 129.00 | NOTE | |||
r-release-macos-x86_64 | 1.0.5 | 170.00 | NOTE | |||
r-release-windows-x86_64 | 1.0.5 | 71.00 | 401.00 | 472.00 | NOTE | |
r-oldrel-macos-arm64 | 1.0.5 | 116.00 | NOTE | |||
r-oldrel-macos-x86_64 | 1.0.5 | 165.00 | NOTE | |||
r-oldrel-windows-ix86+x86_64 | 1.0.5 | 94.00 | 384.00 | 478.00 | NOTE |
Version: 1.0.5
Check: package dependencies
Result: NOTE
Imports includes 25 non-default packages.
Importing from so many packages makes the package vulnerable to any of
them becoming unavailable. Move as many as possible to Suggests and
use conditionally.
Flavor: r-devel-linux-x86_64-fedora-clang
Version: 1.0.5
Check: installed package size
Result: NOTE
installed size is 6.0Mb
sub-directories of 1Mb or more:
doc 4.3Mb
Flavors: r-devel-linux-x86_64-fedora-clang, r-devel-windows-x86_64, r-release-macos-arm64, r-release-macos-x86_64, r-release-windows-x86_64, r-oldrel-macos-arm64, r-oldrel-macos-x86_64, r-oldrel-windows-ix86+x86_64