CRAN Package Check Results for Package flatness

Last updated on 2021-10-19 00:49:16 CEST.

Flavor Version Tinstall Tcheck Ttotal Status Flags
r-devel-linux-x86_64-debian-clang 0.1.4 3.37 31.47 34.84 OK
r-devel-linux-x86_64-debian-gcc 0.1.4 2.48 24.66 27.14 OK
r-devel-linux-x86_64-fedora-clang 0.1.4 53.19 NOTE
r-devel-linux-x86_64-fedora-gcc 0.1.4 41.65 NOTE
r-devel-windows-x86_64 0.1.4 7.00 51.00 58.00 OK
r-devel-windows-x86_64-gcc10-UCRT 0.1.4 NOTE
r-patched-linux-x86_64 0.1.4 3.23 30.53 33.76 OK
r-patched-solaris-x86 0.1.4 63.10 NOTE
r-release-linux-x86_64 0.1.4 2.98 30.52 33.50 OK
r-release-macos-arm64 0.1.4 NOTE
r-release-macos-x86_64 0.1.4 NOTE
r-release-windows-ix86+x86_64 0.1.4 6.00 47.00 53.00 OK
r-oldrel-macos-x86_64 0.1.4 NOTE
r-oldrel-windows-ix86+x86_64 0.1.4 7.00 47.00 54.00 OK

Check Details

Version: 0.1.4
Check: dependencies in R code
Result: NOTE
    Namespaces in Imports field not imported from:
     ‘data.table’ ‘xtable’
     All declared Imports should be used.
Flavors: r-devel-linux-x86_64-fedora-clang, r-devel-linux-x86_64-fedora-gcc, r-devel-windows-x86_64-gcc10-UCRT, r-patched-solaris-x86, r-release-macos-arm64, r-release-macos-x86_64, r-oldrel-macos-x86_64