CRAN Package Check Results for Package flifo

Last updated on 2023-09-23 00:53:53 CEST.

Flavor Version Tinstall Tcheck Ttotal Status Flags
r-devel-linux-x86_64-debian-clang 0.1.5 3.82 39.54 43.36 NOTE
r-devel-linux-x86_64-debian-gcc 0.1.5 3.21 30.45 33.66 NOTE
r-devel-linux-x86_64-fedora-clang 0.1.5 56.56 NOTE
r-devel-linux-x86_64-fedora-gcc 0.1.5 66.46 NOTE
r-devel-windows-x86_64 0.1.5 6.00 54.00 60.00 NOTE
r-patched-linux-x86_64 0.1.5 4.48 38.19 42.67 NOTE
r-release-linux-x86_64 0.1.5 4.00 37.90 41.90 NOTE
r-release-macos-arm64 0.1.5 26.00 NOTE
r-release-macos-x86_64 0.1.5 41.00 NOTE
r-release-windows-x86_64 0.1.5 6.00 55.00 61.00 NOTE
r-oldrel-macos-arm64 0.1.5 21.00 NOTE
r-oldrel-macos-x86_64 0.1.5 30.00 NOTE
r-oldrel-windows-x86_64 0.1.5 7.00 60.00 67.00 NOTE

Check Details

Version: 0.1.5
Check: LazyData
Result: NOTE
     'LazyData' is specified without a 'data' directory
Flavors: r-devel-linux-x86_64-debian-clang, r-devel-linux-x86_64-debian-gcc, r-devel-linux-x86_64-fedora-clang, r-devel-linux-x86_64-fedora-gcc, r-devel-windows-x86_64, r-patched-linux-x86_64, r-release-linux-x86_64, r-release-macos-arm64, r-release-macos-x86_64, r-release-windows-x86_64, r-oldrel-macos-arm64, r-oldrel-macos-x86_64, r-oldrel-windows-x86_64