Last updated on 2023-09-23 00:53:53 CEST.
Flavor | Version | Tinstall | Tcheck | Ttotal | Status | Flags |
---|---|---|---|---|---|---|
r-devel-linux-x86_64-debian-clang | 0.3.4 | 41.18 | 72.02 | 113.20 | OK | |
r-devel-linux-x86_64-debian-gcc | 0.3.4 | 37.18 | 55.76 | 92.94 | OK | |
r-devel-linux-x86_64-fedora-clang | 0.3.4 | 155.55 | NOTE | |||
r-devel-linux-x86_64-fedora-gcc | 0.3.4 | 144.15 | OK | |||
r-devel-windows-x86_64 | 0.3.4 | 47.00 | 75.00 | 122.00 | NOTE | |
r-patched-linux-x86_64 | 0.3.4 | 43.29 | 68.03 | 111.32 | OK | |
r-release-linux-x86_64 | 0.3.4 | 40.14 | 68.29 | 108.43 | OK | |
r-release-macos-arm64 | 0.3.4 | 66.00 | NOTE | |||
r-release-macos-x86_64 | 0.3.4 | 85.00 | NOTE | |||
r-release-windows-x86_64 | 0.3.4 | 56.00 | 80.00 | 136.00 | NOTE | |
r-oldrel-macos-arm64 | 0.3.4 | 61.00 | NOTE | |||
r-oldrel-macos-x86_64 | 0.3.4 | 92.00 | NOTE | |||
r-oldrel-windows-x86_64 | 0.3.4 | 53.00 | 79.00 | 132.00 | NOTE |
Version: 0.3.4
Check: installed package size
Result: NOTE
installed size is 7.2Mb
sub-directories of 1Mb or more:
R 7.0Mb
Flavors: r-devel-linux-x86_64-fedora-clang, r-devel-windows-x86_64, r-release-macos-arm64, r-release-macos-x86_64, r-release-windows-x86_64, r-oldrel-macos-arm64, r-oldrel-macos-x86_64, r-oldrel-windows-x86_64