Last updated on 2023-12-09 00:52:38 CET.
Flavor | Version | Tinstall | Tcheck | Ttotal | Status | Flags |
---|---|---|---|---|---|---|
r-devel-linux-x86_64-debian-clang | 0.2.0 | 6.57 | 95.01 | 101.58 | NOTE | |
r-devel-linux-x86_64-debian-gcc | 0.2.0 | 5.26 | 70.78 | 76.04 | NOTE | |
r-devel-linux-x86_64-fedora-clang | 0.2.0 | 123.18 | OK | |||
r-devel-linux-x86_64-fedora-gcc | 0.2.0 | 130.84 | OK | |||
r-devel-windows-x86_64 | 0.2.0 | 8.00 | 99.00 | 107.00 | OK | |
r-patched-linux-x86_64 | 0.2.0 | 6.01 | 91.36 | 97.37 | OK | |
r-release-linux-x86_64 | 0.2.0 | 5.01 | 89.59 | 94.60 | OK | |
r-release-macos-arm64 | 0.2.0 | 57.00 | OK | |||
r-release-macos-x86_64 | 0.2.0 | 106.00 | OK | |||
r-release-windows-x86_64 | 0.2.0 | 10.00 | 113.00 | 123.00 | OK | |
r-oldrel-macos-arm64 | 0.2.0 | 49.00 | OK | |||
r-oldrel-macos-x86_64 | 0.2.0 | 59.00 | OK | |||
r-oldrel-windows-x86_64 | 0.2.0 | 10.00 | 114.00 | 124.00 | OK |
Version: 0.2.0
Check: Rd files
Result: NOTE
checkRd: (-1) flow_embed.Rd:30: Lost braces; missing escapes or markup?
30 | \item Don't forget to add {flow} to Suggests in your DESCRIPTION file.
| ^
Flavors: r-devel-linux-x86_64-debian-clang, r-devel-linux-x86_64-debian-gcc