CRAN Package Check Results for Package flower

Last updated on 2021-10-17 00:48:36 CEST.

Flavor Version Tinstall Tcheck Ttotal Status Flags
r-devel-linux-x86_64-debian-clang 1.0 2.13 22.14 24.27 NOTE
r-devel-linux-x86_64-debian-gcc 1.0 2.07 17.46 19.53 NOTE
r-devel-linux-x86_64-fedora-clang 1.0 40.35 NOTE
r-devel-linux-x86_64-fedora-gcc 1.0 28.94 NOTE
r-devel-windows-x86_64 1.0 4.00 28.00 32.00 NOTE
r-devel-windows-x86_64-gcc10-UCRT 1.0 NOTE
r-patched-linux-x86_64 1.0 2.10 21.66 23.76 NOTE
r-patched-solaris-x86 1.0 45.30 NOTE
r-release-linux-x86_64 1.0 2.50 21.76 24.26 NOTE
r-release-macos-arm64 1.0 NOTE
r-release-macos-x86_64 1.0 NOTE
r-release-windows-ix86+x86_64 1.0 5.00 28.00 33.00 NOTE
r-oldrel-macos-x86_64 1.0 NOTE
r-oldrel-windows-ix86+x86_64 1.0 3.00 27.00 30.00 NOTE

Check Details

Version: 1.0
Check: R code for possible problems
Result: NOTE
    RIind: no visible global function definition for 'aggregate'
    RIind: no visible binding for global variable 'sd'
    RIpop: no visible global function definition for 'aggregate'
    RIpop: no visible binding for global variable 'sd'
    SI: no visible global function definition for 'sd'
    SI2: no visible global function definition for 'sd'
    SI3: no visible global function definition for 'aggregate'
    SI3: no visible global function definition for 'pairs'
    SI3: no visible global function definition for 'cor'
    SI4: no visible global function definition for 'aggregate'
    SI4: no visible global function definition for 'sd'
    fCV: no visible global function definition for 'sd'
    Undefined global functions or variables:
     aggregate cor pairs sd
    Consider adding
     importFrom("graphics", "pairs")
     importFrom("stats", "aggregate", "cor", "sd")
    to your NAMESPACE file.
Flavors: r-devel-linux-x86_64-debian-clang, r-devel-linux-x86_64-debian-gcc, r-devel-linux-x86_64-fedora-clang, r-devel-linux-x86_64-fedora-gcc, r-devel-windows-x86_64, r-devel-windows-x86_64-gcc10-UCRT, r-patched-linux-x86_64, r-patched-solaris-x86, r-release-linux-x86_64, r-release-macos-arm64, r-release-macos-x86_64, r-release-windows-ix86+x86_64, r-oldrel-macos-x86_64, r-oldrel-windows-ix86+x86_64