CRAN Package Check Results for Package flowfield

Last updated on 2021-12-08 00:49:18 CET.

Flavor Version Tinstall Tcheck Ttotal Status Flags
r-devel-linux-x86_64-debian-clang 1.0 2.32 29.84 32.16 NOTE
r-devel-linux-x86_64-debian-gcc 1.0 1.69 24.09 25.78 NOTE
r-devel-linux-x86_64-fedora-clang 1.0 41.84 NOTE
r-devel-linux-x86_64-fedora-gcc 1.0 31.29 NOTE
r-devel-windows-x86_64-new-UL 1.0 6.00 55.00 61.00 NOTE
r-devel-windows-x86_64-new-TK 1.0 NOTE
r-devel-windows-x86_64-old 1.0 4.00 41.00 45.00 NOTE
r-patched-linux-x86_64 1.0 2.58 29.27 31.85 NOTE
r-release-linux-x86_64 1.0 2.07 29.33 31.40 NOTE
r-release-macos-arm64 1.0 NOTE
r-release-macos-x86_64 1.0 NOTE
r-release-windows-ix86+x86_64 1.0 4.00 39.00 43.00 NOTE
r-oldrel-macos-x86_64 1.0 NOTE
r-oldrel-windows-ix86+x86_64 1.0 5.00 39.00 44.00 NOTE

Check Details

Version: 1.0
Check: DESCRIPTION meta-information
Result: NOTE
    Malformed Title field: should not end in a period.
Flavors: r-devel-linux-x86_64-debian-clang, r-devel-linux-x86_64-debian-gcc, r-devel-linux-x86_64-fedora-clang, r-devel-linux-x86_64-fedora-gcc, r-devel-windows-x86_64-new-UL, r-devel-windows-x86_64-new-TK, r-devel-windows-x86_64-old, r-patched-linux-x86_64, r-release-linux-x86_64, r-release-macos-arm64, r-release-macos-x86_64, r-release-windows-ix86+x86_64, r-oldrel-macos-x86_64, r-oldrel-windows-ix86+x86_64

Version: 1.0
Check: dependencies in R code
Result: NOTE
    'library' or 'require' call to 'stats' in package code.
     Please use :: or requireNamespace() instead.
     See section 'Suggested packages' in the 'Writing R Extensions' manual.
Flavors: r-devel-linux-x86_64-debian-clang, r-devel-linux-x86_64-debian-gcc, r-devel-linux-x86_64-fedora-clang, r-devel-linux-x86_64-fedora-gcc, r-devel-windows-x86_64-new-UL, r-devel-windows-x86_64-new-TK, r-devel-windows-x86_64-old, r-patched-linux-x86_64, r-release-linux-x86_64, r-release-macos-arm64, r-release-macos-x86_64, r-release-windows-ix86+x86_64, r-oldrel-macos-x86_64, r-oldrel-windows-ix86+x86_64

Version: 1.0
Check: R code for possible problems
Result: NOTE
    GCV: no visible global function definition for 'lm'
    GCV: no visible global function definition for 'resid'
    ffplot: no visible global function definition for 'par'
    ffplot: no visible global function definition for 'points'
    ffplot: no visible global function definition for 'legend'
    flowfield: no visible global function definition for 'write.table'
    gpr: no visible global function definition for 'quantile'
    gpr: no visible global function definition for 'var'
    smoothp: no visible global function definition for 'lm'
    smoothp: no visible global function definition for 'predict'
    smoothp: no visible global function definition for 'resid'
    smoothp: no visible global function definition for 'optimize'
    Undefined global functions or variables:
     legend lm optimize par points predict quantile resid var write.table
    Consider adding
     importFrom("graphics", "legend", "par", "points")
     importFrom("stats", "lm", "optimize", "predict", "quantile", "resid",
     "var")
     importFrom("utils", "write.table")
    to your NAMESPACE file.
Flavors: r-devel-linux-x86_64-debian-clang, r-devel-linux-x86_64-debian-gcc, r-devel-linux-x86_64-fedora-clang, r-devel-linux-x86_64-fedora-gcc, r-devel-windows-x86_64-new-UL, r-devel-windows-x86_64-new-TK, r-devel-windows-x86_64-old, r-patched-linux-x86_64, r-release-linux-x86_64, r-release-macos-arm64, r-release-macos-x86_64, r-release-windows-ix86+x86_64, r-oldrel-macos-x86_64, r-oldrel-windows-ix86+x86_64