CRAN Package Check Results for Package fmerPack

Last updated on 2024-06-17 00:49:59 CEST.

Flavor Version Tinstall Tcheck Ttotal Status Flags
r-devel-linux-x86_64-debian-clang 0.0-1 46.47 104.17 150.64 NOTE
r-devel-linux-x86_64-debian-gcc 0.0-1 31.57 77.60 109.17 NOTE
r-devel-linux-x86_64-fedora-clang 0.0-1 192.51 NOTE
r-devel-linux-x86_64-fedora-gcc 0.0-1 186.17 NOTE
r-devel-windows-x86_64 0.0-1 35.00 101.00 136.00 NOTE
r-patched-linux-x86_64 0.0-1 37.51 99.98 137.49 NOTE
r-release-linux-x86_64 0.0-1 40.61 99.19 139.80 NOTE
r-release-macos-arm64 0.0-1 46.00 NOTE
r-release-macos-x86_64 0.0-1 69.00 NOTE
r-release-windows-x86_64 0.0-1 37.00 106.00 143.00 NOTE
r-oldrel-macos-arm64 0.0-1 54.00 NOTE
r-oldrel-macos-x86_64 0.0-1 94.00 NOTE
r-oldrel-windows-x86_64 0.0-1 44.00 131.00 175.00 NOTE

Check Details

Version: 0.0-1
Check: C++ specification
Result: NOTE Specified C++11: please drop specification unless essential Flavors: r-devel-linux-x86_64-debian-clang, r-devel-linux-x86_64-debian-gcc, r-devel-linux-x86_64-fedora-clang, r-devel-linux-x86_64-fedora-gcc, r-devel-windows-x86_64, r-patched-linux-x86_64, r-release-linux-x86_64, r-release-macos-arm64, r-release-macos-x86_64, r-release-windows-x86_64, r-oldrel-macos-arm64, r-oldrel-macos-x86_64, r-oldrel-windows-x86_64

Version: 0.0-1
Check: dependencies in R code
Result: NOTE Namespace in Imports field not imported from: ‘MASS’ All declared Imports should be used. Flavors: r-devel-linux-x86_64-fedora-clang, r-devel-linux-x86_64-fedora-gcc