CRAN Package Check Results for Package fmesher

Last updated on 2024-04-17 00:54:20 CEST.

Flavor Version Tinstall Tcheck Ttotal Status Flags
r-devel-linux-x86_64-debian-clang 0.1.5 137.86 249.78 387.64 OK
r-devel-linux-x86_64-debian-gcc 0.1.5 118.20 179.25 297.45 OK
r-devel-linux-x86_64-fedora-clang 0.1.5 512.35 OK
r-devel-linux-x86_64-fedora-gcc 0.1.5 524.91 OK
r-prerel-macos-arm64 0.1.5 119.00 NOTE
r-prerel-windows-x86_64 0.1.5 113.00 220.00 333.00 OK
r-patched-linux-x86_64 0.1.5 145.75 231.24 376.99 OK
r-release-linux-x86_64 0.1.5 139.35 239.69 379.04 OK
r-release-macos-arm64 0.1.5 142.00 NOTE
r-release-macos-x86_64 0.1.5 205.00 NOTE
r-release-windows-x86_64 0.1.5 144.00 275.00 419.00 OK
r-oldrel-macos-arm64 0.1.5 129.00 NOTE
r-oldrel-windows-x86_64 0.1.5 143.00 258.00 401.00 OK

Check Details

Version: 0.1.5
Check: installed package size
Result: NOTE installed size is 9.0Mb sub-directories of 1Mb or more: libs 7.0Mb Flavors: r-prerel-macos-arm64, r-release-macos-arm64, r-release-macos-x86_64, r-oldrel-macos-arm64