Last updated on 2023-03-23 00:51:10 CET.
Flavor | Version | Tinstall | Tcheck | Ttotal | Status | Flags |
---|---|---|---|---|---|---|
r-devel-linux-x86_64-debian-clang | 1.5.1 | 5.08 | 48.50 | 53.58 | OK | |
r-devel-linux-x86_64-debian-gcc | 1.5.1 | 4.48 | 36.97 | 41.45 | OK | |
r-devel-linux-x86_64-fedora-clang | 1.5.1 | 69.19 | OK | |||
r-devel-linux-x86_64-fedora-gcc | 1.5.1 | 74.75 | OK | |||
r-patched-linux-x86_64 | 1.5.1 | 5.29 | 47.57 | 52.86 | OK | |
r-release-linux-x86_64 | 1.5.1 | 4.12 | 48.58 | 52.70 | OK | |
r-release-macos-arm64 | 1.5.1 | 27.00 | OK | |||
r-release-macos-x86_64 | 1.5.1 | 33.00 | OK | |||
r-release-windows-x86_64 | 1.5.1 | 33.00 | 79.00 | 112.00 | OK | |
r-oldrel-macos-arm64 | 1.5.1 | 28.00 | OK | |||
r-oldrel-macos-x86_64 | 1.5.1 | 37.00 | OK | |||
r-oldrel-windows-ix86+x86_64 | 1.5.1 | 13.00 | 73.00 | 86.00 | NOTE |
Version: 1.5.1
Check: R code for possible problems
Result: NOTE
Initiating curl with CURL_SSL_BACKEND: openssl
Flavor: r-oldrel-windows-ix86+x86_64