CRAN Package Check Results for Package foodingraph

Last updated on 2024-03-03 01:00:43 CET.

Flavor Version Tinstall Tcheck Ttotal Status Flags
r-devel-linux-x86_64-debian-clang 0.1.0 8.67 75.79 84.46 NOTE
r-devel-linux-x86_64-debian-gcc 0.1.0 6.28 57.14 63.42 NOTE
r-devel-linux-x86_64-fedora-clang 0.1.0 103.83 NOTE
r-devel-linux-x86_64-fedora-gcc 0.1.0 326.05 NOTE
r-devel-windows-x86_64 0.1.0 7.00 75.00 82.00 NOTE
r-patched-linux-x86_64 0.1.0 15.50 71.80 87.30 NOTE
r-release-linux-x86_64 0.1.0 5.42 71.60 77.02 NOTE
r-release-macos-arm64 0.1.0 120.00 NOTE
r-release-macos-x86_64 0.1.0 159.00 NOTE
r-release-windows-x86_64 0.1.0 11.00 86.00 97.00 NOTE
r-oldrel-macos-arm64 0.1.0 109.00 NOTE
r-oldrel-windows-x86_64 0.1.0 11.00 91.00 102.00 NOTE

Check Details

Version: 0.1.0
Check: package subdirectories
Result: NOTE Problems with news in ‘NEWS.md’: No news entries found. Flavors: r-devel-linux-x86_64-debian-clang, r-devel-linux-x86_64-debian-gcc, r-devel-linux-x86_64-fedora-clang, r-devel-linux-x86_64-fedora-gcc, r-devel-windows-x86_64, r-patched-linux-x86_64, r-release-linux-x86_64, r-release-macos-arm64, r-release-macos-x86_64, r-release-windows-x86_64

Version: 0.1.0
Check: LazyData
Result: NOTE 'LazyData' is specified without a 'data' directory Flavors: r-devel-linux-x86_64-debian-clang, r-devel-linux-x86_64-debian-gcc, r-devel-linux-x86_64-fedora-clang, r-devel-linux-x86_64-fedora-gcc, r-devel-windows-x86_64, r-patched-linux-x86_64, r-release-linux-x86_64, r-release-macos-arm64, r-release-macos-x86_64, r-release-windows-x86_64, r-oldrel-macos-arm64, r-oldrel-windows-x86_64

Version: 0.1.0
Check: dependencies in R code
Result: NOTE Namespace in Imports field not imported from: ‘grid’ All declared Imports should be used. Flavors: r-devel-linux-x86_64-fedora-clang, r-devel-linux-x86_64-fedora-gcc, r-oldrel-macos-arm64

Version: 0.1.0
Check: package dependencies
Result: NOTE Package suggested but not available for checking: ‘minet’ Flavors: r-release-macos-x86_64, r-oldrel-macos-arm64