Last updated on 2023-06-02 01:00:26 CEST.
Flavor | Version | Tinstall | Tcheck | Ttotal | Status | Flags |
---|---|---|---|---|---|---|
r-devel-linux-x86_64-debian-clang | 5.0.19 | 8.25 | 352.02 | 360.27 | NOTE | |
r-devel-linux-x86_64-debian-gcc | 5.0.19 | 6.68 | 252.73 | 259.41 | NOTE | |
r-devel-linux-x86_64-fedora-clang | 5.0.19 | 434.41 | NOTE | |||
r-devel-linux-x86_64-fedora-gcc | 5.0.19 | 424.53 | NOTE | |||
r-devel-windows-x86_64 | 5.0.19 | 10.00 | 272.00 | 282.00 | NOTE | |
r-patched-linux-x86_64 | 5.0.19 | NOTE | ||||
r-release-linux-x86_64 | 5.0.19 | 5.75 | 335.41 | 341.16 | NOTE | |
r-release-macos-arm64 | 5.0.19 | 107.00 | NOTE | |||
r-release-macos-x86_64 | 5.0.19 | 187.00 | NOTE | |||
r-release-windows-x86_64 | 5.0.19 | 12.00 | 384.00 | 396.00 | NOTE | |
r-oldrel-macos-arm64 | 5.0.19 | 101.00 | NOTE | |||
r-oldrel-macos-x86_64 | 5.0.19 | 209.00 | NOTE | |||
r-oldrel-windows-x86_64 | 5.0.19 | 12.00 | 380.00 | 392.00 | NOTE |
Version: 5.0.19
Check: LazyData
Result: NOTE
'LazyData' is specified without a 'data' directory
Flavors: r-devel-linux-x86_64-debian-clang, r-devel-linux-x86_64-debian-gcc, r-devel-linux-x86_64-fedora-clang, r-devel-linux-x86_64-fedora-gcc, r-devel-windows-x86_64, r-patched-linux-x86_64, r-release-linux-x86_64, r-release-macos-arm64, r-release-macos-x86_64, r-release-windows-x86_64, r-oldrel-macos-arm64, r-oldrel-macos-x86_64, r-oldrel-windows-x86_64