CRAN Package Check Results for Package forestError

Last updated on 2024-06-14 00:53:42 CEST.

Flavor Version Tinstall Tcheck Ttotal Status Flags
r-devel-linux-x86_64-debian-clang 1.1.0 3.60 36.63 40.23 OK
r-devel-linux-x86_64-debian-gcc 1.1.0 0.24 1.68 1.92 ERROR
r-devel-linux-x86_64-fedora-clang 1.1.0 52.85 OK
r-devel-linux-x86_64-fedora-gcc 1.1.0 48.80 OK
r-devel-windows-x86_64 1.1.0 4.00 49.00 53.00 OK
r-patched-linux-x86_64 1.1.0 3.39 36.65 40.04 OK
r-release-linux-x86_64 1.1.0 2.44 35.60 38.04 OK
r-release-macos-arm64 1.1.0 19.00 OK
r-release-macos-x86_64 1.1.0 27.00 OK
r-release-windows-x86_64 1.1.0 5.00 58.00 63.00 OK
r-oldrel-macos-arm64 1.1.0 19.00 OK
r-oldrel-macos-x86_64 1.1.0 26.00 OK
r-oldrel-windows-x86_64 1.1.0 5.00 52.00 57.00 OK

Check Details

Version: 1.1.0
Check: package dependencies
Result: ERROR Package required but not available: ‘purrr’ See section ‘The DESCRIPTION file’ in the ‘Writing R Extensions’ manual. Flavor: r-devel-linux-x86_64-debian-gcc