CRAN Package Check Results for Package forestecology

Last updated on 2021-10-18 00:48:13 CEST.

Flavor Version Tinstall Tcheck Ttotal Status Flags
r-devel-linux-x86_64-debian-clang 0.2.0 10.95 142.42 153.37 OK
r-devel-linux-x86_64-debian-gcc 0.2.0 9.85 103.61 113.46 OK
r-devel-linux-x86_64-fedora-clang 0.2.0 189.57 NOTE
r-devel-linux-x86_64-fedora-gcc 0.2.0 157.94 NOTE
r-devel-windows-x86_64 0.2.0 17.00 177.00 194.00 OK
r-devel-windows-x86_64-gcc10-UCRT 0.2.0 NOTE
r-patched-linux-x86_64 0.2.0 11.90 133.60 145.50 OK
r-patched-solaris-x86 0.2.0 198.40 NOTE
r-release-linux-x86_64 0.2.0 10.46 131.51 141.97 OK
r-release-macos-arm64 0.2.0 NOTE
r-release-macos-x86_64 0.2.0 NOTE
r-release-windows-ix86+x86_64 0.2.0 31.00 171.00 202.00 OK
r-oldrel-macos-x86_64 0.2.0 NOTE
r-oldrel-windows-ix86+x86_64 0.2.0 24.00 151.00 175.00 OK

Check Details

Version: 0.2.0
Check: dependencies in R code
Result: NOTE
    Namespaces in Imports field not imported from:
     ‘blockCV’ ‘patchwork’
     All declared Imports should be used.
Flavors: r-devel-linux-x86_64-fedora-clang, r-devel-linux-x86_64-fedora-gcc, r-devel-windows-x86_64-gcc10-UCRT, r-patched-solaris-x86, r-release-macos-arm64, r-release-macos-x86_64, r-oldrel-macos-x86_64