CRAN Package Check Results for Package forestecology

Last updated on 2024-04-20 00:56:07 CEST.

Flavor Version Tinstall Tcheck Ttotal Status Flags
r-devel-linux-x86_64-debian-clang 0.2.0 11.53 117.12 128.65 NOTE
r-devel-linux-x86_64-debian-gcc 0.2.0 NOTE
r-devel-linux-x86_64-fedora-clang 0.2.0 164.28 NOTE
r-devel-linux-x86_64-fedora-gcc 0.2.0 180.09 NOTE
r-prerel-macos-arm64 0.2.0 59.00 NOTE
r-prerel-windows-x86_64 0.2.0 14.00 106.00 120.00 NOTE
r-patched-linux-x86_64 0.2.0 11.81 112.23 124.04 NOTE
r-release-linux-x86_64 0.2.0 11.56 110.17 121.73 NOTE
r-release-macos-arm64 0.2.0 54.00 NOTE
r-release-macos-x86_64 0.2.0 89.00 NOTE
r-release-windows-x86_64 0.2.0 16.00 124.00 140.00 NOTE
r-oldrel-macos-arm64 0.2.0 58.00 NOTE
r-oldrel-windows-x86_64 0.2.0 18.00 139.00 157.00 OK

Check Details

Version: 0.2.0
Check: package subdirectories
Result: NOTE Problems with news in ‘NEWS.md’: Cannot extract version info from the following section titles: Previous versions (not tagged nor released) Flavors: r-devel-linux-x86_64-debian-clang, r-devel-linux-x86_64-debian-gcc, r-devel-linux-x86_64-fedora-clang, r-devel-linux-x86_64-fedora-gcc, r-prerel-macos-arm64, r-prerel-windows-x86_64, r-patched-linux-x86_64, r-release-linux-x86_64, r-release-macos-arm64, r-release-macos-x86_64, r-release-windows-x86_64

Version: 0.2.0
Check: Rd files
Result: NOTE checkRd: (-1) species_bw.Rd:23: Lost braces 23 | between trees." \doi{10.1371/journal.pone.0229930}{PLOS One 15: e0229930}. | ^ Flavors: r-devel-linux-x86_64-debian-clang, r-devel-linux-x86_64-debian-gcc, r-devel-linux-x86_64-fedora-clang, r-devel-linux-x86_64-fedora-gcc, r-prerel-macos-arm64, r-prerel-windows-x86_64, r-patched-linux-x86_64

Version: 0.2.0
Check: dependencies in R code
Result: NOTE Namespaces in Imports field not imported from: ‘blockCV’ ‘patchwork’ All declared Imports should be used. Flavors: r-devel-linux-x86_64-fedora-clang, r-devel-linux-x86_64-fedora-gcc, r-oldrel-macos-arm64