CRAN Package Check Results for Package forestmodel

Last updated on 2021-10-27 00:51:04 CEST.

Flavor Version Tinstall Tcheck Ttotal Status Flags
r-devel-linux-x86_64-debian-clang 0.6.2 6.11 54.77 60.88 NOTE
r-devel-linux-x86_64-debian-gcc 0.6.2 4.71 41.49 46.20 NOTE
r-devel-linux-x86_64-fedora-clang 0.6.2 83.77 NOTE
r-devel-linux-x86_64-fedora-gcc 0.6.2 70.66 NOTE
r-devel-windows-x86_64 0.6.2 11.00 73.00 84.00 NOTE
r-devel-windows-x86_64-gcc10-UCRT 0.6.2 NOTE
r-patched-linux-x86_64 0.6.2 5.20 51.86 57.06 NOTE
r-patched-solaris-x86 0.6.2 99.70 NOTE
r-release-linux-x86_64 0.6.2 6.86 51.77 58.63 NOTE
r-release-macos-arm64 0.6.2 NOTE
r-release-macos-x86_64 0.6.2 NOTE
r-release-windows-ix86+x86_64 0.6.2 10.00 74.00 84.00 NOTE
r-oldrel-macos-x86_64 0.6.2 OK
r-oldrel-windows-ix86+x86_64 0.6.2 16.00 73.00 89.00 OK

Check Details

Version: 0.6.2
Check: LazyData
Result: NOTE
     'LazyData' is specified without a 'data' directory
Flavors: r-devel-linux-x86_64-debian-clang, r-devel-linux-x86_64-debian-gcc, r-devel-linux-x86_64-fedora-clang, r-devel-linux-x86_64-fedora-gcc, r-devel-windows-x86_64, r-devel-windows-x86_64-gcc10-UCRT, r-patched-linux-x86_64, r-patched-solaris-x86, r-release-linux-x86_64, r-release-macos-arm64, r-release-macos-x86_64, r-release-windows-ix86+x86_64