CRAN Package Check Results for Package formulops

Last updated on 2021-10-19 00:49:16 CEST.

Flavor Version Tinstall Tcheck Ttotal Status Flags
r-devel-linux-x86_64-debian-clang 0.5.0 1.98 22.27 24.25 NOTE
r-devel-linux-x86_64-debian-gcc 0.5.0 1.43 17.57 19.00 NOTE
r-devel-linux-x86_64-fedora-clang 0.5.0 39.54 NOTE
r-devel-linux-x86_64-fedora-gcc 0.5.0 29.07 NOTE
r-devel-windows-x86_64 0.5.0 4.00 40.00 44.00 NOTE
r-devel-windows-x86_64-gcc10-UCRT 0.5.0 NOTE
r-patched-linux-x86_64 0.5.0 1.87 21.92 23.79 NOTE
r-patched-solaris-x86 0.5.0 45.20 NOTE
r-release-linux-x86_64 0.5.0 1.92 21.97 23.89 NOTE
r-release-macos-arm64 0.5.0 NOTE
r-release-macos-x86_64 0.5.0 NOTE
r-release-windows-ix86+x86_64 0.5.0 3.00 38.00 41.00 NOTE
r-oldrel-macos-x86_64 0.5.0 OK
r-oldrel-windows-ix86+x86_64 0.5.0 5.00 38.00 43.00 OK

Check Details

Version: 0.5.0
Check: LazyData
Result: NOTE
     'LazyData' is specified without a 'data' directory
Flavors: r-devel-linux-x86_64-debian-clang, r-devel-linux-x86_64-debian-gcc, r-devel-linux-x86_64-fedora-clang, r-devel-linux-x86_64-fedora-gcc, r-devel-windows-x86_64, r-devel-windows-x86_64-gcc10-UCRT, r-patched-linux-x86_64, r-patched-solaris-x86, r-release-linux-x86_64, r-release-macos-arm64, r-release-macos-x86_64, r-release-windows-ix86+x86_64