Last updated on 2023-06-03 00:57:08 CEST.
Flavor | Version | Tinstall | Tcheck | Ttotal | Status | Flags |
---|---|---|---|---|---|---|
r-devel-linux-x86_64-debian-clang | 1.0.3 | 21.18 | 512.74 | 533.92 | OK | |
r-devel-linux-x86_64-debian-gcc | 1.0.3 | 15.74 | 406.60 | 422.34 | OK | |
r-devel-linux-x86_64-fedora-clang | 1.0.3 | 619.73 | NOTE | |||
r-devel-linux-x86_64-fedora-gcc | 1.0.3 | 595.52 | NOTE | |||
r-devel-windows-x86_64 | 1.0.3 | 17.00 | 374.00 | 391.00 | OK | |
r-patched-linux-x86_64 | 1.0.3 | OK | ||||
r-release-linux-x86_64 | 1.0.3 | 17.00 | 478.39 | 495.39 | OK | |
r-release-macos-arm64 | 1.0.3 | 188.00 | OK | |||
r-release-macos-x86_64 | 1.0.3 | 322.00 | OK | |||
r-release-windows-x86_64 | 1.0.3 | 20.00 | 452.00 | 472.00 | OK | |
r-oldrel-macos-arm64 | 1.0.3 | 164.00 | NOTE | |||
r-oldrel-macos-x86_64 | 1.0.3 | 235.00 | NOTE | |||
r-oldrel-windows-x86_64 | 1.0.3 | 22.00 | 492.00 | 514.00 | OK |
Version: 1.0.3
Check: data for non-ASCII characters
Result: NOTE
Note: found 31 marked UTF-8 strings
Flavors: r-devel-linux-x86_64-fedora-clang, r-devel-linux-x86_64-fedora-gcc, r-oldrel-macos-arm64, r-oldrel-macos-x86_64