CRAN Package Check Results for Package fplot

Last updated on 2021-12-03 00:48:41 CET.

Flavor Version Tinstall Tcheck Ttotal Status Flags
r-devel-linux-x86_64-debian-clang 1.0.0 37.17 84.53 121.70 OK
r-devel-linux-x86_64-debian-gcc 1.0.0 24.30 45.22 69.52 ERROR
r-devel-linux-x86_64-fedora-clang 1.0.0 163.00 OK
r-devel-linux-x86_64-fedora-gcc 1.0.0 116.30 ERROR
r-devel-windows-x86_64-new-UL 1.0.0 51.00 156.00 207.00 OK
r-devel-windows-x86_64-new-TK 1.0.0 OK
r-devel-windows-x86_64-old 1.0.0 43.00 77.00 120.00 OK
r-patched-linux-x86_64 1.0.0 28.51 74.73 103.24 OK
r-patched-solaris-x86 1.0.0 133.10 OK
r-release-linux-x86_64 1.0.0 28.16 73.22 101.38 OK
r-release-macos-arm64 1.0.0 OK
r-release-macos-x86_64 1.0.0 OK
r-release-windows-ix86+x86_64 1.0.0 76.00 121.00 197.00 OK
r-oldrel-macos-x86_64 1.0.0 OK
r-oldrel-windows-ix86+x86_64 1.0.0 76.00 118.00 194.00 OK

Check Details

Version: 1.0.0
Check: examples
Result: ERROR
    Running examples in ‘fplot-Ex.R’ failed
    The error most likely occurred in:
    
    > base::assign(".ptime", proc.time(), pos = "CheckExEnv")
    > ### Name: fit.off
    > ### Title: Closes the current plotting device and shows the result in the
    > ### viewer
    > ### Aliases: fit.off
    >
    > ### ** Examples
    >
    >
    > # Exportation example
    > # The functions pdf_fit, png_fit, etc, guarantee the right
    > # point size of the texts present in the graph.
    > # But you must give the exact size the graph will take in your final document.
    > # => first use the function setFplot_page, default is:
    > # setFplot_page(page = "us", margins = "normal")
    > # By default the graph takes 100% of the text width
    >
    > data(us_pub_econ)
    >
    > tmpFile = file.path(tempdir(), "DISTR -- institutions.png")
    >
    > png_fit(tmpFile)
    > plot_distr(~institution, us_pub_econ)
    Warning in rbindDS(data_freq[x_nb <= nbins], other_col) :
     x is a data.table while y is a data.frame: result is coerced to data.table.
    Warning in set(x, j = name, value = value) :
     Column 'share_top' does not exist to remove
    Error in set(x, j = name, value = value) :
     Supplied 16 items to be assigned to 15 items of column 'x'. If you wish to 'recycle' the RHS please use rep() to make this intent clear to readers of your code.
    Calls: plot_distr ... find_margins_bottom -> $<- -> $<-.data.table -> set
    Execution halted
Flavor: r-devel-linux-x86_64-debian-gcc

Version: 1.0.0
Check: re-building of vignette outputs
Result: WARN
    Error(s) in re-building vignettes:
     ...
    --- re-building ‘Exporting_graphs.Rmd’ using rmarkdown
    --- finished re-building ‘Exporting_graphs.Rmd’
    
    --- re-building ‘fplot_walkthrough.Rmd’ using rmarkdown
    Quitting from lines 100-103 (fplot_walkthrough.Rmd)
    Error: processing vignette ‘fplot_walkthrough.Rmd’ failed with diagnostics:
    Supplied 16 items to be assigned to 15 items of column ‘x’. If you wish to ‘recycle’ the RHS please use rep() to make this intent clear to readers of your code.
    --- failed re-building ‘fplot_walkthrough.Rmd’
    
    SUMMARY: processing the following file failed:
     ‘fplot_walkthrough.Rmd’
    
    Error: Vignette re-building failed.
    Execution halted
Flavor: r-devel-linux-x86_64-debian-gcc

Version: 1.0.0
Check: examples
Result: ERROR
    Running examples in ‘fplot-Ex.R’ failed
    The error most likely occurred in:
    
    > ### Name: fit.off
    > ### Title: Closes the current plotting device and shows the result in the
    > ### viewer
    > ### Aliases: fit.off
    >
    > ### ** Examples
    >
    >
    > # Exportation example
    > # The functions pdf_fit, png_fit, etc, guarantee the right
    > # point size of the texts present in the graph.
    > # But you must give the exact size the graph will take in your final document.
    > # => first use the function setFplot_page, default is:
    > # setFplot_page(page = "us", margins = "normal")
    > # By default the graph takes 100% of the text width
    >
    > data(us_pub_econ)
    >
    > tmpFile = file.path(tempdir(), "DISTR -- institutions.png")
    >
    > png_fit(tmpFile)
    > plot_distr(~institution, us_pub_econ)
    Warning in rbindDS(data_freq[x_nb <= nbins], other_col) :
     x is a data.table while y is a data.frame: result is coerced to data.table.
    Warning in set(x, j = name, value = value) :
     Column 'share_top' does not exist to remove
    Error in set(x, j = name, value = value) :
     Supplied 16 items to be assigned to 15 items of column 'x'. If you wish to 'recycle' the RHS please use rep() to make this intent clear to readers of your code.
    Calls: plot_distr ... find_margins_bottom -> $<- -> $<-.data.table -> set
    Execution halted
Flavor: r-devel-linux-x86_64-fedora-gcc

Version: 1.0.0
Check: re-building of vignette outputs
Result: WARN
    Error(s) in re-building vignettes:
    --- re-building ‘Exporting_graphs.Rmd’ using rmarkdown
    --- finished re-building ‘Exporting_graphs.Rmd’
    
    --- re-building ‘fplot_walkthrough.Rmd’ using rmarkdown
    Quitting from lines 100-103 (fplot_walkthrough.Rmd)
    Error: processing vignette 'fplot_walkthrough.Rmd' failed with diagnostics:
    Supplied 16 items to be assigned to 15 items of column 'x'. If you wish to 'recycle' the RHS please use rep() to make this intent clear to readers of your code.
    --- failed re-building ‘fplot_walkthrough.Rmd’
    
    SUMMARY: processing the following file failed:
     ‘fplot_walkthrough.Rmd’
    
    Error: Vignette re-building failed.
    Execution halted
Flavor: r-devel-linux-x86_64-fedora-gcc