CRAN Package Check Results for Package fractional

Last updated on 2024-03-05 00:51:39 CET.

Flavor Version Tinstall Tcheck Ttotal Status Flags
r-devel-linux-x86_64-debian-clang 0.1.3 23.13 41.11 64.24 NOTE
r-devel-linux-x86_64-debian-gcc 0.1.3 16.29 31.74 48.03 NOTE
r-devel-linux-x86_64-fedora-clang 0.1.3 87.78 NOTE
r-devel-linux-x86_64-fedora-gcc 0.1.3 94.70 NOTE
r-devel-windows-x86_64 0.1.3 18.00 74.00 92.00 NOTE
r-patched-linux-x86_64 0.1.3 22.52 39.12 61.64 NOTE
r-release-linux-x86_64 0.1.3 18.31 40.04 58.35 NOTE
r-release-macos-arm64 0.1.3 34.00 NOTE
r-release-macos-x86_64 0.1.3 52.00 NOTE
r-release-windows-x86_64 0.1.3 18.00 79.00 97.00 NOTE
r-oldrel-macos-arm64 0.1.3 28.00 NOTE
r-oldrel-windows-x86_64 0.1.3 23.00 78.00 101.00 NOTE

Check Details

Version: 0.1.3
Check: LazyData
Result: NOTE 'LazyData' is specified without a 'data' directory Flavors: r-devel-linux-x86_64-debian-clang, r-devel-linux-x86_64-debian-gcc, r-devel-linux-x86_64-fedora-clang, r-devel-linux-x86_64-fedora-gcc, r-devel-windows-x86_64, r-patched-linux-x86_64, r-release-linux-x86_64, r-release-macos-arm64, r-release-macos-x86_64, r-release-windows-x86_64, r-oldrel-macos-arm64, r-oldrel-windows-x86_64

Version: 0.1.3
Check: compiled code
Result: NOTE File ‘fractional/libs/fractional.so’: Found no calls to: ‘R_registerRoutines’, ‘R_useDynamicSymbols’ It is good practice to register native routines and to disable symbol search. See ‘Writing portable packages’ in the ‘Writing R Extensions’ manual. Flavors: r-devel-linux-x86_64-fedora-clang, r-devel-linux-x86_64-fedora-gcc