CRAN Package Check Results for Package freesurferformats

Last updated on 2021-11-28 00:48:47 CET.

Flavor Version Tinstall Tcheck Ttotal Status Flags
r-devel-linux-x86_64-debian-clang 0.1.16 OK
r-devel-linux-x86_64-debian-gcc 0.1.16 9.03 115.82 124.85 OK
r-devel-linux-x86_64-fedora-clang 0.1.16 207.45 NOTE
r-devel-linux-x86_64-fedora-gcc 0.1.16 197.86 NOTE
r-devel-windows-x86_64-new-UL 0.1.16 37.00 217.00 254.00 OK
r-devel-windows-x86_64-new-TK 0.1.16 NOTE
r-devel-windows-x86_64-old 0.1.16 13.00 197.00 210.00 OK
r-patched-linux-x86_64 0.1.16 14.24 143.96 158.20 OK
r-patched-solaris-x86 0.1.16 275.60 NOTE
r-release-linux-x86_64 0.1.16 OK
r-release-macos-arm64 0.1.16 NOTE
r-release-macos-x86_64 0.1.16 NOTE
r-release-windows-ix86+x86_64 0.1.16 19.00 133.00 152.00 OK
r-oldrel-macos-x86_64 0.1.16 NOTE
r-oldrel-windows-ix86+x86_64 0.1.16 22.00 186.00 208.00 OK

Check Details

Version: 0.1.16
Check: dependencies in R code
Result: NOTE
    Namespace in Imports field not imported from: ‘rmarkdown’
     All declared Imports should be used.
Flavors: r-devel-linux-x86_64-fedora-clang, r-devel-linux-x86_64-fedora-gcc, r-devel-windows-x86_64-new-TK, r-patched-solaris-x86, r-release-macos-arm64, r-release-macos-x86_64, r-oldrel-macos-x86_64