CRAN Package Check Results for Package fromo

Last updated on 2024-06-13 00:55:14 CEST.

Flavor Version Tinstall Tcheck Ttotal Status Flags
r-devel-linux-x86_64-debian-clang 0.2.1 395.53 57.28 452.81 OK
r-devel-linux-x86_64-debian-gcc 0.2.1 286.27 46.62 332.89 ERROR
r-devel-linux-x86_64-fedora-clang 0.2.1 553.64 NOTE
r-devel-linux-x86_64-fedora-gcc 0.2.1 775.17 OK
r-devel-windows-x86_64 0.2.1 239.00 115.00 354.00 OK
r-patched-linux-x86_64 0.2.1 326.20 63.87 390.07 OK
r-release-linux-x86_64 0.2.1 331.84 63.23 395.07 OK
r-release-macos-arm64 0.2.1 123.00 NOTE
r-release-macos-x86_64 0.2.1 152.00 NOTE
r-release-windows-x86_64 0.2.1 235.00 123.00 358.00 OK
r-oldrel-macos-arm64 0.2.1 162.00 NOTE
r-oldrel-macos-x86_64 0.2.1 278.00 NOTE
r-oldrel-windows-x86_64 0.2.1 228.00 128.00 356.00 OK

Check Details

Version: 0.2.1
Check: package dependencies
Result: NOTE Package suggested but not available for checking: ‘testthat’ Flavor: r-devel-linux-x86_64-debian-gcc

Version: 0.2.1
Check: tests
Result: ERROR Running ‘testthat.R’ [0s/1s] Running the tests in ‘tests/testthat.R’ failed. Complete output: > # Copyright 2016 Steven E. Pav. All Rights Reserved. > # Author: Steven E. Pav > > # This file is part of fromo. > # > # fromo is free software: you can redistribute it and/or modify > # it under the terms of the GNU Lesser General Public License as published by > # the Free Software Foundation, either version 3 of the License, or > # (at your option) any later version. > # > # fromo is distributed in the hope that it will be useful, > # but WITHOUT ANY WARRANTY; without even the implied warranty of > # MERCHANTABILITY or FITNESS FOR A PARTICULAR PURPOSE. See the > # GNU Lesser General Public License for more details. > # > # You should have received a copy of the GNU Lesser General Public License > # along with fromo. If not, see <http://www.gnu.org/licenses/>. > > # env var: > # nb: > # see also: > # todo: > # changelog: > # > # Created: 2016.03.25 > # Copyright: Steven E. Pav, 2016-2016 > # Author: Steven E. Pav > # Comments: Steven E. Pav > > # because Hadley says it should be like this. > # see https://github.com/hadley/devtools/wiki/Testing > > library(testthat) Error in library(testthat) : there is no package called 'testthat' Execution halted Flavor: r-devel-linux-x86_64-debian-gcc

Version: 0.2.1
Check: installed package size
Result: NOTE installed size is 8.0Mb sub-directories of 1Mb or more: libs 7.5Mb Flavors: r-devel-linux-x86_64-fedora-clang, r-release-macos-arm64, r-release-macos-x86_64, r-oldrel-macos-arm64, r-oldrel-macos-x86_64