CRAN Package Check Results for Package frostr

Last updated on 2021-10-20 00:49:39 CEST.

Flavor Version Tinstall Tcheck Ttotal Status Flags
r-devel-linux-x86_64-debian-clang 0.2.0 4.30 41.65 45.95 NOTE
r-devel-linux-x86_64-debian-gcc 0.2.0 3.64 31.26 34.90 NOTE
r-devel-linux-x86_64-fedora-clang 0.2.0 66.07 NOTE
r-devel-linux-x86_64-fedora-gcc 0.2.0 52.88 NOTE
r-devel-windows-x86_64 0.2.0 8.00 61.00 69.00 NOTE
r-devel-windows-x86_64-gcc10-UCRT 0.2.0 NOTE
r-patched-linux-x86_64 0.2.0 4.39 38.43 42.82 NOTE
r-patched-solaris-x86 0.2.0 76.40 NOTE
r-release-linux-x86_64 0.2.0 3.76 39.38 43.14 NOTE
r-release-macos-arm64 0.2.0 NOTE
r-release-macos-x86_64 0.2.0 NOTE
r-release-windows-ix86+x86_64 0.2.0 16.00 57.00 73.00 NOTE
r-oldrel-macos-x86_64 0.2.0 OK
r-oldrel-windows-ix86+x86_64 0.2.0 12.00 60.00 72.00 OK

Check Details

Version: 0.2.0
Check: LazyData
Result: NOTE
     'LazyData' is specified without a 'data' directory
Flavors: r-devel-linux-x86_64-debian-clang, r-devel-linux-x86_64-debian-gcc, r-devel-linux-x86_64-fedora-clang, r-devel-linux-x86_64-fedora-gcc, r-devel-windows-x86_64, r-devel-windows-x86_64-gcc10-UCRT, r-patched-linux-x86_64, r-patched-solaris-x86, r-release-linux-x86_64, r-release-macos-arm64, r-release-macos-x86_64, r-release-windows-ix86+x86_64