Last updated on 2023-03-31 00:54:11 CEST.
Flavor | Version | Tinstall | Tcheck | Ttotal | Status | Flags |
---|---|---|---|---|---|---|
r-devel-linux-x86_64-debian-clang | 1.6.1 | 47.34 | 68.32 | 115.66 | NOTE | |
r-devel-linux-x86_64-debian-gcc | 1.6.1 | 33.20 | 53.18 | 86.38 | NOTE | |
r-devel-linux-x86_64-fedora-clang | 1.6.1 | 165.69 | NOTE | |||
r-devel-linux-x86_64-fedora-gcc | 1.6.1 | 167.02 | NOTE | |||
r-devel-windows-x86_64 | 1.6.1 | 280.00 | 114.00 | 394.00 | NOTE | |
r-patched-linux-x86_64 | 1.6.1 | 38.45 | 65.84 | 104.29 | NOTE | |
r-release-linux-x86_64 | 1.6.1 | 38.01 | 66.19 | 104.20 | NOTE | |
r-release-macos-arm64 | 1.6.1 | 71.00 | NOTE | |||
r-release-macos-x86_64 | 1.6.1 | 133.00 | NOTE | |||
r-release-windows-x86_64 | 1.6.1 | 408.00 | 105.00 | 513.00 | NOTE | |
r-oldrel-macos-arm64 | 1.6.1 | 74.00 | NOTE | |||
r-oldrel-macos-x86_64 | 1.6.1 | 139.00 | NOTE | |||
r-oldrel-windows-ix86+x86_64 | 1.6.1 | 156.00 | 21.00 | 177.00 | ERROR |
Version: 1.6.1
Check: for GNU extensions in Makefiles
Result: NOTE
GNU make is a SystemRequirements.
Flavors: r-devel-linux-x86_64-debian-clang, r-devel-linux-x86_64-debian-gcc, r-devel-linux-x86_64-fedora-clang, r-devel-linux-x86_64-fedora-gcc, r-devel-windows-x86_64, r-patched-linux-x86_64, r-release-linux-x86_64, r-release-macos-arm64, r-release-macos-x86_64, r-release-windows-x86_64, r-oldrel-macos-arm64, r-oldrel-macos-x86_64
Version: 1.6.1
Check: whether package can be installed
Result: ERROR
Installation failed.
Flavor: r-oldrel-windows-ix86+x86_64