CRAN Package Check Results for Package functional

Last updated on 2024-07-24 00:53:49 CEST.

Flavor Version Tinstall Tcheck Ttotal Status Flags
r-devel-linux-x86_64-debian-clang 0.6 2.00 20.82 22.82 NOTE
r-devel-linux-x86_64-debian-gcc 0.6 1.42 16.23 17.65 NOTE
r-devel-linux-x86_64-fedora-clang 0.6 29.76 NOTE
r-devel-linux-x86_64-fedora-gcc 0.6 27.75 NOTE
r-devel-windows-x86_64 0.6 2.00 36.00 38.00 NOTE
r-patched-linux-x86_64 0.6 1.77 20.44 22.21 NOTE
r-release-linux-x86_64 0.6 1.37 20.28 21.65 NOTE
r-release-macos-arm64 0.6 14.00 NOTE
r-release-macos-x86_64 0.6 20.00 NOTE
r-release-windows-x86_64 0.6 3.00 36.00 39.00 NOTE
r-oldrel-macos-arm64 0.6 14.00 NOTE
r-oldrel-macos-x86_64 0.6 19.00 NOTE
r-oldrel-windows-x86_64 0.6 2.00 32.00 34.00 NOTE

Check Details

Version: 0.6
Check: DESCRIPTION meta-information
Result: NOTE Malformed Description field: should contain one or more complete sentences. Flavors: r-devel-linux-x86_64-debian-clang, r-devel-linux-x86_64-debian-gcc, r-devel-linux-x86_64-fedora-clang, r-devel-linux-x86_64-fedora-gcc, r-devel-windows-x86_64, r-patched-linux-x86_64, r-release-linux-x86_64, r-release-macos-arm64, r-release-macos-x86_64, r-release-windows-x86_64, r-oldrel-macos-arm64, r-oldrel-macos-x86_64, r-oldrel-windows-x86_64