CRAN Package Check Results for Package funneljoin

Last updated on 2021-10-17 00:48:37 CEST.

Flavor Version Tinstall Tcheck Ttotal Status Flags
r-devel-linux-x86_64-debian-clang 0.1.0 4.06 60.35 64.41 OK
r-devel-linux-x86_64-debian-gcc 0.1.0 3.75 45.13 48.88 OK
r-devel-linux-x86_64-fedora-clang 0.1.0 87.63 NOTE
r-devel-linux-x86_64-fedora-gcc 0.1.0 74.76 NOTE
r-devel-windows-x86_64 0.1.0 14.00 61.00 75.00 OK
r-devel-windows-x86_64-gcc10-UCRT 0.1.0 NOTE
r-patched-linux-x86_64 0.1.0 3.76 56.48 60.24 OK
r-patched-solaris-x86 0.1.0 104.00 NOTE
r-release-linux-x86_64 0.1.0 4.75 55.33 60.08 OK
r-release-macos-arm64 0.1.0 NOTE
r-release-macos-x86_64 0.1.0 NOTE
r-release-windows-ix86+x86_64 0.1.0 12.00 79.00 91.00 OK
r-oldrel-macos-x86_64 0.1.0 NOTE
r-oldrel-windows-ix86+x86_64 0.1.0 12.00 82.00 94.00 OK

Check Details

Version: 0.1.0
Check: dependencies in R code
Result: NOTE
    Namespace in Imports field not imported from: ‘tibble’
     All declared Imports should be used.
Flavors: r-devel-linux-x86_64-fedora-clang, r-devel-linux-x86_64-fedora-gcc, r-devel-windows-x86_64-gcc10-UCRT, r-patched-solaris-x86, r-release-macos-arm64, r-release-macos-x86_64, r-oldrel-macos-x86_64