CRAN Package Check Results for Package funrar

Last updated on 2021-10-22 00:50:26 CEST.

Flavor Version Tinstall Tcheck Ttotal Status Flags
r-devel-linux-x86_64-debian-clang 1.4.1 3.29 61.26 64.55 NOTE
r-devel-linux-x86_64-debian-gcc 1.4.1 2.54 46.99 49.53 NOTE
r-devel-linux-x86_64-fedora-clang 1.4.1 87.29 NOTE
r-devel-linux-x86_64-fedora-gcc 1.4.1 77.08 NOTE
r-devel-windows-x86_64 1.4.1 6.00 98.00 104.00 NOTE
r-devel-windows-x86_64-gcc10-UCRT 1.4.1 NOTE
r-patched-linux-x86_64 1.4.1 3.63 63.03 66.66 NOTE
r-patched-solaris-x86 1.4.1 84.10 NOTE
r-release-linux-x86_64 1.4.1 2.77 62.29 65.06 NOTE
r-release-macos-arm64 1.4.1 NOTE
r-release-macos-x86_64 1.4.1 NOTE
r-release-windows-ix86+x86_64 1.4.1 5.00 97.00 102.00 NOTE
r-oldrel-macos-x86_64 1.4.1 OK
r-oldrel-windows-ix86+x86_64 1.4.1 8.00 93.00 101.00 OK

Check Details

Version: 1.4.1
Check: LazyData
Result: NOTE
     'LazyData' is specified without a 'data' directory
Flavors: r-devel-linux-x86_64-debian-clang, r-devel-linux-x86_64-debian-gcc, r-devel-linux-x86_64-fedora-clang, r-devel-linux-x86_64-fedora-gcc, r-devel-windows-x86_64, r-devel-windows-x86_64-gcc10-UCRT, r-patched-linux-x86_64, r-patched-solaris-x86, r-release-linux-x86_64, r-release-macos-arm64, r-release-macos-x86_64, r-release-windows-ix86+x86_64