CRAN Package Check Results for Package g.data

Last updated on 2024-07-19 00:53:18 CEST.

Flavor Version Tinstall Tcheck Ttotal Status Flags
r-devel-linux-x86_64-debian-clang 2.4.1 1.33 27.27 28.60 NOTE
r-devel-linux-x86_64-debian-gcc 2.4.1 1.21 21.06 22.27 NOTE
r-devel-linux-x86_64-fedora-clang 2.4.1 38.56 OK
r-devel-linux-x86_64-fedora-gcc 2.4.1 47.94 OK
r-devel-windows-x86_64 2.4.1 3.00 49.00 52.00 OK
r-patched-linux-x86_64 2.4.1 1.30 26.84 28.14 NOTE
r-release-linux-x86_64 2.4.1 1.97 26.89 28.86 NOTE
r-release-macos-arm64 2.4.1 23.00 OK
r-release-macos-x86_64 2.4.1 32.00 OK
r-release-windows-x86_64 2.4.1 2.00 48.00 50.00 OK
r-oldrel-macos-arm64 2.4.1 30.00 OK
r-oldrel-macos-x86_64 2.4.1 76.00 OK
r-oldrel-windows-x86_64 2.4.1 4.00 44.00 48.00 OK

Check Details

Version: 2.4.1
Check: R code for possible problems
Result: NOTE Found the following calls to attach(): File ‘g.data/R/g.data.attach.R’: attach(NULL, pos, basename(dir)) See section ‘Good practice’ in ‘?attach’. Flavors: r-devel-linux-x86_64-debian-clang, r-devel-linux-x86_64-debian-gcc, r-patched-linux-x86_64, r-release-linux-x86_64