CRAN Package Check Results for Package g.data

Last updated on 2025-01-21 00:48:28 CET.

Flavor Version Tinstall Tcheck Ttotal Status Flags
r-devel-linux-x86_64-debian-clang 2.4.1 1.55 21.65 23.20 NOTE
r-devel-linux-x86_64-debian-gcc 2.4.1 1.33 17.69 19.02 NOTE
r-devel-linux-x86_64-fedora-clang 2.4.1 37.60 OK
r-devel-linux-x86_64-fedora-gcc 2.4.1 50.03 OK
r-devel-windows-x86_64 2.4.1 3.00 49.00 52.00 OK
r-patched-linux-x86_64 2.4.1 1.55 20.74 22.29 NOTE
r-release-linux-x86_64 2.4.1 1.45 20.65 22.10 NOTE
r-release-macos-arm64 2.4.1 23.00 OK
r-release-macos-x86_64 2.4.1 32.00 OK
r-release-windows-x86_64 2.4.1 2.00 48.00 50.00 OK
r-oldrel-macos-arm64 2.4.1 30.00 OK
r-oldrel-macos-x86_64 2.4.1 76.00 OK
r-oldrel-windows-x86_64 2.4.1 4.00 44.00 48.00 OK

Check Details

Version: 2.4.1
Check: R code for possible problems
Result: NOTE Found the following calls to attach(): File ‘g.data/R/g.data.attach.R’: attach(NULL, pos, basename(dir)) See section ‘Good practice’ in ‘?attach’. Flavors: r-devel-linux-x86_64-debian-clang, r-devel-linux-x86_64-debian-gcc, r-patched-linux-x86_64, r-release-linux-x86_64