CRAN Package Check Results for Package gMCP

Last updated on 2024-07-23 00:54:28 CEST.

Flavor Version Tinstall Tcheck Ttotal Status Flags
r-devel-linux-x86_64-debian-clang 0.8-17 17.70 216.71 234.41 OK
r-devel-linux-x86_64-debian-gcc 0.8-17 16.04 163.26 179.30 OK
r-devel-linux-x86_64-fedora-clang 0.8-17 311.54 OK
r-devel-linux-x86_64-fedora-gcc 0.8-17 292.67 OK
r-devel-windows-x86_64 0.8-17 22.00 228.00 250.00 OK
r-patched-linux-x86_64 0.8-17 19.08 211.62 230.70 OK
r-release-linux-x86_64 0.8-17 22.87 210.76 233.63 OK
r-release-macos-arm64 0.8-17 93.00 OK
r-release-macos-x86_64 0.8-17 126.00 WARN
r-release-windows-x86_64 0.8-17 20.00 226.00 246.00 OK
r-oldrel-macos-arm64 0.8-17 103.00 OK
r-oldrel-macos-x86_64 0.8-17 245.00 OK
r-oldrel-windows-x86_64 0.8-17 26.00 261.00 287.00 OK

Check Details

Version: 0.8-17
Check: re-building of vignette outputs
Result: WARN Error(s) in re-building vignettes: --- re-building ‘gMCP.Rnw’ using knitr Error: processing vignette 'gMCP.Rnw' failed with diagnostics: Running 'texi2dvi' on 'gMCP.tex' failed. LaTeX errors: ! Undefined control sequence. l.333 \hlkwd{library}\hldef {(gMCP)} ? ! Emergency stop. ! Emergency stop. l.333 End of file on the terminal! ! ==> Fatal error occurred, no output PDF file produced! --- failed re-building ‘gMCP.Rnw’ --- re-building ‘parametric.Rnw’ using knitr Error: processing vignette 'parametric.Rnw' failed with diagnostics: Running 'texi2dvi' on 'parametric.tex' failed. LaTeX errors: ! Undefined control sequence. l.219 \hldef {Gm} \hlkwb{<-} \hlkwd{matrix}\hldef{(}\hlnum{0}\hldef{,}\hlkwc{... ? ! Emergency stop. l.219 End of file on the terminal! ! ==> Fatal error occurred, no output PDF file produced! --- failed re-building ‘parametric.Rnw’ SUMMARY: processing the following files failed: ‘gMCP.Rnw’ ‘parametric.Rnw’ Error: Vignette re-building failed. Execution halted Flavor: r-release-macos-x86_64