CRAN Package Check Results for Package gPdtest

Last updated on 2021-10-17 00:48:38 CEST.

Flavor Version Tinstall Tcheck Ttotal Status Flags
r-devel-linux-x86_64-debian-clang 0.4 2.12 20.10 22.22 NOTE
r-devel-linux-x86_64-debian-gcc 0.4 1.43 16.21 17.64 NOTE
r-devel-linux-x86_64-fedora-clang 0.4 37.37 NOTE
r-devel-linux-x86_64-fedora-gcc 0.4 26.98 NOTE
r-devel-windows-x86_64 0.4 3.00 26.00 29.00 NOTE
r-devel-windows-x86_64-gcc10-UCRT 0.4 NOTE
r-patched-linux-x86_64 0.4 1.94 19.85 21.79 NOTE
r-patched-solaris-x86 0.4 42.00 NOTE
r-release-linux-x86_64 0.4 1.85 19.74 21.59 NOTE
r-release-macos-arm64 0.4 NOTE
r-release-macos-x86_64 0.4 NOTE
r-release-windows-ix86+x86_64 0.4 4.00 25.00 29.00 NOTE
r-oldrel-macos-x86_64 0.4 NOTE
r-oldrel-windows-ix86+x86_64 0.4 4.00 26.00 30.00 NOTE

Check Details

Version: 0.4
Check: R code for possible problems
Result: NOTE
    .r1: no visible global function definition for 'cor'
    .r2: no visible global function definition for 'cor'
    rgp: no visible global function definition for 'runif'
    rgp: no visible global function definition for 'rexp'
    Undefined global functions or variables:
     cor rexp runif
    Consider adding
     importFrom("stats", "cor", "rexp", "runif")
    to your NAMESPACE file.
Flavors: r-devel-linux-x86_64-debian-clang, r-devel-linux-x86_64-debian-gcc, r-devel-linux-x86_64-fedora-clang, r-devel-linux-x86_64-fedora-gcc, r-devel-windows-x86_64, r-devel-windows-x86_64-gcc10-UCRT, r-patched-linux-x86_64, r-patched-solaris-x86, r-release-linux-x86_64, r-release-macos-arm64, r-release-macos-x86_64, r-release-windows-ix86+x86_64, r-oldrel-macos-x86_64, r-oldrel-windows-ix86+x86_64