CRAN Package Check Results for Package gRc

Last updated on 2024-06-13 00:55:16 CEST.

Flavor Version Tinstall Tcheck Ttotal Status Flags
r-devel-linux-x86_64-debian-clang 0.5.0 42.55 95.80 138.35 OK
r-devel-linux-x86_64-debian-gcc 0.5.0 0.38 1.70 2.08 ERROR
r-devel-linux-x86_64-fedora-clang 0.5.0 184.45 OK
r-devel-linux-x86_64-fedora-gcc 0.5.0 175.41 OK
r-devel-windows-x86_64 0.5.0 35.00 104.00 139.00 OK
r-patched-linux-x86_64 0.5.0 42.72 91.22 133.94 OK
r-release-linux-x86_64 0.5.0 32.43 93.32 125.75 OK
r-release-macos-arm64 0.5.0 45.00 OK
r-release-macos-x86_64 0.5.0 65.00 OK
r-release-windows-x86_64 0.5.0 36.00 109.00 145.00 OK
r-oldrel-macos-arm64 0.5.0 52.00 OK
r-oldrel-macos-x86_64 0.5.0 102.00 OK
r-oldrel-windows-x86_64 0.5.0 43.00 127.00 170.00 OK

Check Details

Version: 0.5.0
Check: package dependencies
Result: ERROR Packages required but not available: 'gRbase', 'igraph' See section ‘The DESCRIPTION file’ in the ‘Writing R Extensions’ manual. Flavor: r-devel-linux-x86_64-debian-gcc