CRAN Package Check Results for Package gRim

Last updated on 2024-06-14 00:53:44 CEST.

Flavor Version Tinstall Tcheck Ttotal Status Flags
r-devel-linux-x86_64-debian-clang 0.3.1 152.76 156.88 309.64 OK
r-devel-linux-x86_64-debian-gcc 0.3.2 0.63 1.81 2.44 ERROR
r-devel-linux-x86_64-fedora-clang 0.3.2 422.11 OK
r-devel-linux-x86_64-fedora-gcc 0.3.2 370.23 OK
r-devel-windows-x86_64 0.3.2 117.00 137.00 254.00 OK
r-patched-linux-x86_64 0.3.2 117.25 147.32 264.57 OK
r-release-linux-x86_64 0.3.1 137.25 148.84 286.09 OK
r-release-macos-arm64 0.3.2 87.00 NOTE
r-release-macos-x86_64 0.3.2 201.00 NOTE
r-release-windows-x86_64 0.3.0 60.00 156.00 216.00 NOTE
r-oldrel-macos-arm64 0.3.2 92.00 NOTE
r-oldrel-macos-x86_64 0.3.2 156.00 NOTE
r-oldrel-windows-x86_64 0.3.2 102.00 168.00 270.00 NOTE

Check Details

Version: 0.3.2
Check: package dependencies
Result: ERROR Packages required but not available: 'gRbase', 'doBy', 'igraph', 'gRain' Package suggested but not available for checking: ‘testthat’ See section ‘The DESCRIPTION file’ in the ‘Writing R Extensions’ manual. Flavor: r-devel-linux-x86_64-debian-gcc

Version: 0.3.2
Check: installed package size
Result: NOTE installed size is 9.1Mb sub-directories of 1Mb or more: libs 5.4Mb supplementary_material 3.1Mb Flavors: r-release-macos-arm64, r-release-macos-x86_64, r-oldrel-macos-arm64, r-oldrel-macos-x86_64, r-oldrel-windows-x86_64

Version: 0.3.0
Check: Rd files
Result: NOTE checkRd: (-1) testadd.Rd:34: Lost braces; missing escapes or markup? 34 | Let M0 be the model and e={u,v} be an edge and let M1 be | ^ Flavor: r-release-windows-x86_64