CRAN Package Check Results for Package gadget2

Last updated on 2021-10-19 00:49:17 CEST.

Flavor Version Tinstall Tcheck Ttotal Status Flags
r-devel-linux-x86_64-debian-clang 2.3.7 216.54 19.96 236.50 OK
r-devel-linux-x86_64-debian-gcc 2.3.7 140.87 16.03 156.90 OK
r-devel-linux-x86_64-fedora-clang 2.3.7 555.45 NOTE
r-devel-linux-x86_64-fedora-gcc 2.3.7 298.38 OK
r-devel-windows-x86_64 2.3.7 292.00 39.00 331.00 OK
r-devel-windows-x86_64-gcc10-UCRT 2.3.7 OK
r-patched-linux-x86_64 2.3.7 171.38 19.55 190.93 OK
r-patched-solaris-x86 2.3.7 442.40 OK
r-release-linux-x86_64 2.3.7 174.84 19.68 194.52 OK
r-release-macos-arm64 2.3.7 OK
r-release-macos-x86_64 2.3.7 OK
r-release-windows-ix86+x86_64 2.3.7 447.00 42.00 489.00 NOTE
r-oldrel-macos-x86_64 2.3.7 OK
r-oldrel-windows-ix86+x86_64 2.3.7 605.00 43.00 648.00 NOTE

Check Details

Version: 2.3.7
Check: installed package size
Result: NOTE
     installed size is 8.1Mb
     sub-directories of 1Mb or more:
     bin 8.0Mb
Flavors: r-devel-linux-x86_64-fedora-clang, r-release-windows-ix86+x86_64, r-oldrel-windows-ix86+x86_64