CRAN Package Check Results for Package gadget2

Last updated on 2022-10-01 00:49:25 CEST.

Flavor Version Tinstall Tcheck Ttotal Status Flags
r-devel-linux-x86_64-debian-clang 2.3.7 236.08 21.03 257.11 WARN
r-devel-linux-x86_64-debian-gcc 2.3.7 172.51 16.94 189.45 OK
r-devel-linux-x86_64-fedora-clang 2.3.7 685.35 WARN
r-devel-linux-x86_64-fedora-gcc 2.3.7 339.85 OK
r-devel-windows-x86_64 2.3.7 279.00 56.00 335.00 OK
r-patched-linux-x86_64 2.3.7 188.64 21.16 209.80 OK
r-release-linux-x86_64 2.3.7 193.03 20.81 213.84 OK
r-release-macos-arm64 2.3.7 108.00 OK
r-release-macos-x86_64 2.3.7 128.00 OK
r-release-windows-x86_64 2.3.7 266.00 51.00 317.00 OK
r-oldrel-macos-arm64 2.3.7 129.00 OK
r-oldrel-macos-x86_64 2.3.7 186.00 OK
r-oldrel-windows-ix86+x86_64 2.3.7 593.00 45.00 638.00 NOTE

Additional issues

clang14

Check Details

Version: 2.3.7
Check: whether package can be installed
Result: WARN
    Found the following significant warnings:
     proglikelihood.cc:279:6: warning: use of bitwise '|' with boolean operands [-Wbitwise-instead-of-logical]
     proglikelihood.cc:368:8: warning: use of bitwise '&' with boolean operands [-Wbitwise-instead-of-logical]
     proglikelihood.cc:371:8: warning: use of bitwise '&' with boolean operands [-Wbitwise-instead-of-logical]
Flavors: r-devel-linux-x86_64-debian-clang, r-devel-linux-x86_64-fedora-clang

Version: 2.3.7
Check: installed package size
Result: NOTE
     installed size is 8.2Mb
     sub-directories of 1Mb or more:
     bin 8.2Mb
Flavor: r-oldrel-windows-ix86+x86_64