Last updated on 2023-12-09 00:52:39 CET.
Flavor | Version | Tinstall | Tcheck | Ttotal | Status | Flags |
---|---|---|---|---|---|---|
r-devel-linux-x86_64-debian-clang | 0.2.5 | 6.70 | 46.72 | 53.42 | OK | |
r-devel-linux-x86_64-debian-gcc | 0.2.5 | 6.25 | 34.84 | 41.09 | OK | |
r-devel-linux-x86_64-fedora-clang | 0.2.5 | 69.15 | NOTE | |||
r-devel-linux-x86_64-fedora-gcc | 0.2.5 | 61.50 | NOTE | |||
r-devel-windows-x86_64 | 0.2.5 | 8.00 | 57.00 | 65.00 | OK | |
r-patched-linux-x86_64 | 0.2.5 | 5.19 | 44.06 | 49.25 | OK | |
r-release-linux-x86_64 | 0.2.5 | 5.24 | 43.00 | 48.24 | OK | |
r-release-macos-arm64 | 0.2.5 | 24.00 | OK | |||
r-release-macos-x86_64 | 0.2.5 | 37.00 | OK | |||
r-release-windows-x86_64 | 0.2.5 | 9.00 | 60.00 | 69.00 | OK | |
r-oldrel-macos-arm64 | 0.2.5 | 29.00 | NOTE | |||
r-oldrel-macos-x86_64 | 0.2.5 | 47.00 | NOTE | |||
r-oldrel-windows-x86_64 | 0.2.5 | 9.00 | 77.00 | 86.00 | OK |
Version: 0.2.5
Check: dependencies in R code
Result: NOTE
Namespaces in Imports field not imported from:
‘gargle’ ‘getProxy’ ‘rappsflyer’ ‘rfacebookstat’ ‘rgoogleads’
‘rmytarget’ ‘rvkstat’ ‘ryandexdirect’ ‘rym’ ‘tidyr’
All declared Imports should be used.
Flavors: r-devel-linux-x86_64-fedora-clang, r-devel-linux-x86_64-fedora-gcc, r-oldrel-macos-arm64, r-oldrel-macos-x86_64