CRAN Package Check Results for Package gamlss.lasso

Last updated on 2021-10-19 00:49:17 CEST.

Flavor Version Tinstall Tcheck Ttotal Status Flags
r-devel-linux-x86_64-debian-clang 1.0-1 7.47 73.85 81.32 OK
r-devel-linux-x86_64-debian-gcc 1.0-1 6.43 57.09 63.52 OK
r-devel-linux-x86_64-fedora-clang 1.0-1 107.40 NOTE
r-devel-linux-x86_64-fedora-gcc 1.0-1 96.52 OK
r-devel-windows-x86_64 1.0-1 14.00 100.00 114.00 OK
r-devel-windows-x86_64-gcc10-UCRT 1.0-1 OK
r-patched-linux-x86_64 1.0-1 6.85 71.52 78.37 OK
r-patched-solaris-x86 1.0-1 141.00 OK
r-release-linux-x86_64 1.0-1 7.90 71.56 79.46 OK
r-release-macos-arm64 1.0-1 OK
r-release-macos-x86_64 1.0-1 OK
r-release-windows-ix86+x86_64 1.0-1 13.00 91.00 104.00 OK
r-oldrel-macos-x86_64 1.0-1 OK
r-oldrel-windows-ix86+x86_64 1.0-1 20.00 101.00 121.00 OK

Check Details

Version: 1.0-1
Check: Rd cross-references
Result: NOTE
    Undeclared packages ‘gamlss.dist’, ‘gamlss.add’ in Rd xrefs
Flavor: r-devel-linux-x86_64-fedora-clang