CRAN Package Check Results for Package gamma

Last updated on 2021-10-16 00:49:15 CEST.

Flavor Version Tinstall Tcheck Ttotal Status Flags
r-devel-linux-x86_64-debian-clang 1.0.1 9.02 108.33 117.35 OK
r-devel-linux-x86_64-debian-gcc 1.0.1 7.07 80.82 87.89 OK
r-devel-linux-x86_64-fedora-clang 1.0.1 148.26 NOTE
r-devel-linux-x86_64-fedora-gcc 1.0.1 139.12 OK
r-devel-windows-x86_64 1.0.1 16.00 119.00 135.00 OK
r-devel-windows-x86_64-gcc10-UCRT 1.0.1 OK
r-patched-linux-x86_64 1.0.1 8.95 105.39 114.34 OK
r-patched-solaris-x86 1.0.1 183.40 OK
r-release-linux-x86_64 1.0.1 8.49 104.32 112.81 OK
r-release-macos-arm64 1.0.1 OK
r-release-macos-x86_64 1.0.1 OK
r-release-windows-ix86+x86_64 1.0.1 22.00 160.00 182.00 OK
r-oldrel-macos-x86_64 1.0.1 OK
r-oldrel-windows-ix86+x86_64 1.0.1 23.00 161.00 184.00 OK

Check Details

Version: 1.0.1
Check: Rd cross-references
Result: NOTE
    Undeclared package ‘hyperSpec’ in Rd xrefs
Flavor: r-devel-linux-x86_64-fedora-clang