CRAN Package Check Results for Package ganDataModel

Last updated on 2024-06-14 00:53:42 CEST.

Flavor Version Tinstall Tcheck Ttotal Status Flags
r-devel-linux-x86_64-debian-clang 1.1.6 71.40 77.16 148.56 OK
r-devel-linux-x86_64-debian-gcc 1.1.6 0.42 1.75 2.17 ERROR
r-devel-linux-x86_64-fedora-clang 1.1.6 195.60 OK
r-devel-linux-x86_64-fedora-gcc 1.1.6 225.46 OK
r-devel-windows-x86_64 1.1.6 63.00 96.00 159.00 OK
r-patched-linux-x86_64 1.1.6 71.40 73.09 144.49 OK
r-release-linux-x86_64 1.1.6 79.52 74.20 153.72 OK
r-release-macos-arm64 1.1.6 53.00 OK
r-release-macos-x86_64 1.1.6 80.00 OK
r-release-windows-x86_64 1.1.6 62.00 102.00 164.00 OK
r-oldrel-macos-arm64 1.1.6 60.00 OK
r-oldrel-macos-x86_64 1.1.6 99.00 OK
r-oldrel-windows-x86_64 1.1.6 76.00 117.00 193.00 OK

Check Details

Version: 1.1.6
Check: package dependencies
Result: ERROR Package required but not available: ‘tensorflow’ See section ‘The DESCRIPTION file’ in the ‘Writing R Extensions’ manual. Flavor: r-devel-linux-x86_64-debian-gcc